{"id":23791,"date":"2022-08-15T18:48:45","date_gmt":"2022-08-15T15:48:45","guid":{"rendered":"https:\/\/art.if.com.tr\/?page_id=23791"},"modified":"2022-11-19T16:23:37","modified_gmt":"2022-11-19T13:23:37","slug":"ulkeler","status":"publish","type":"page","link":"https:\/\/art.if.com.tr\/?page_id=23791","title":{"rendered":"\u00dclkeler"},"content":{"rendered":"<div id=\"pl-gb23791-69f73d42f2b9c\"  class=\"panel-layout\" ><div id=\"pg-gb23791-69f73d42f2b9c-0\"  class=\"panel-grid panel-no-style\" ><div id=\"pgc-gb23791-69f73d42f2b9c-0-0\"  class=\"panel-grid-cell panel-grid-cell-empty\" ><\/div><div id=\"pgc-gb23791-69f73d42f2b9c-0-1\"  class=\"panel-grid-cell\" ><div id=\"panel-gb23791-69f73d42f2b9c-0-1-0\" class=\"so-panel widget widget_sow-editor panel-first-child panel-last-child\" data-index=\"0\" ><div\n\t\t\t\n\t\t\tclass=\"so-widget-sow-editor so-widget-sow-editor-base\"\n\t\t\t\n\t\t>\n<div class=\"siteorigin-widget-tinymce textwidget\">\n\t<ul class=\"children\">\n<li id=\"category-684\"><a href=\"https:\/\/art.if.com.tr\/?cat=684\">ABD<\/a><\/li>\n<li id=\"category-682\"><a href=\"https:\/\/art.if.com.tr\/?cat=682\">Almanya<\/a><\/li>\n<li><a href=\"https:\/\/art.if.com.tr\/?cat=829\">Avustralya<\/a><\/li>\n<li id=\"category-726\"><a href=\"https:\/\/art.if.com.tr\/?cat=726\">Avusturya<\/a><\/li>\n<li id=\"category-725\"><a href=\"https:\/\/art.if.com.tr\/?cat=725\">Azerbaycan<\/a><\/li>\n<li id=\"category-724\"><a href=\"https:\/\/art.if.com.tr\/?cat=724\">Bel\u00e7ika<\/a><\/li>\n<li id=\"category-727\"><a href=\"https:\/\/art.if.com.tr\/?cat=727\">Brezilya<\/a><\/li>\n<li id=\"category-723\"><a href=\"https:\/\/art.if.com.tr\/?cat=723\">Bulgaristan<\/a><\/li>\n<li id=\"category-694\"><a href=\"https:\/\/art.if.com.tr\/?cat=694\">Endonezya<\/a><\/li>\n<li id=\"category-698\"><a href=\"https:\/\/art.if.com.tr\/?cat=698\">Fas<\/a><\/li>\n<li id=\"category-707\"><a href=\"https:\/\/art.if.com.tr\/?cat=707\">Fransa<\/a><\/li>\n<li id=\"category-721\"><a href=\"https:\/\/art.if.com.tr\/?cat=826\">G\u00fcney Afrika<\/a><\/li>\n<li id=\"category-697\"><a href=\"https:\/\/art.if.com.tr\/?cat=697\">\u0130ngiltere<\/a><\/li>\n<li id=\"category-695\"><a href=\"https:\/\/art.if.com.tr\/?cat=695\">Irak<\/a><\/li>\n<li id=\"category-681\"><a href=\"https:\/\/art.if.com.tr\/?cat=681\">\u0130ran<\/a><\/li>\n<li id=\"category-687\"><a href=\"https:\/\/art.if.com.tr\/?cat=687\">\u0130spanya<\/a><\/li>\n<li id=\"category-709\"><a href=\"https:\/\/art.if.com.tr\/?cat=709\">\u0130sve\u00e7<\/a><\/li>\n<li id=\"category-702\"><a href=\"https:\/\/art.if.com.tr\/?cat=702\">\u0130svi\u00e7re<\/a><\/li>\n<li id=\"category-717\"><a href=\"https:\/\/art.if.com.tr\/?cat=717\">\u0130talya<\/a><\/li>\n<li id=\"category-701\"><a href=\"https:\/\/art.if.com.tr\/?cat=701\">Kambo\u00e7ya<\/a><\/li>\n<li id=\"category-722\"><a href=\"https:\/\/art.if.com.tr\/?cat=722\">Kanada<\/a><\/li>\n<li id=\"category-693\"><a href=\"https:\/\/art.if.com.tr\/?cat=693\">Kazakistan<\/a><\/li>\n<li id=\"category-718\"><a href=\"https:\/\/art.if.com.tr\/?cat=718\">K\u0131rg\u0131zistan<\/a><\/li>\n<li id=\"category-696\"><a href=\"https:\/\/art.if.com.tr\/?cat=696\">Kosta Rika<\/a><\/li>\n<li id=\"category-700\"><a href=\"https:\/\/art.if.com.tr\/?cat=700\">K\u00fcba<\/a><\/li>\n<li id=\"category-692\"><a href=\"https:\/\/art.if.com.tr\/?cat=692\">Laos<\/a><\/li>\n<li id=\"category-716\"><a href=\"https:\/\/art.if.com.tr\/?cat=716\">L\u00fcbnan<\/a><\/li>\n<li id=\"category-691\"><a href=\"https:\/\/art.if.com.tr\/?cat=691\">Makedonya<\/a><\/li>\n<li id=\"category-715\"><a href=\"https:\/\/art.if.com.tr\/?cat=715\">Meksika<\/a><\/li>\n<li id=\"category-706\"><a href=\"https:\/\/art.if.com.tr\/?cat=706\">Moldova<\/a><\/li>\n<li id=\"category-703\"><a href=\"https:\/\/art.if.com.tr\/?cat=703\">Myammar<\/a><\/li>\n<li id=\"category-714\"><a href=\"https:\/\/art.if.com.tr\/?cat=714\">Nepal<\/a><\/li>\n<li><a href=\"https:\/\/art.if.com.tr\/?cat=830\">Nijer<\/a><\/li>\n<li id=\"category-719\"><a href=\"https:\/\/art.if.com.tr\/?cat=719\">Norve\u00e7<\/a><\/li>\n<li id=\"category-711\"><a href=\"https:\/\/art.if.com.tr\/?cat=711\">Peru<\/a><\/li>\n<li id=\"category-690\"><a href=\"https:\/\/art.if.com.tr\/?cat=690\">Romanya<\/a><\/li>\n<li id=\"category-689\"><a href=\"https:\/\/art.if.com.tr\/?cat=689\">Rusya<\/a><\/li>\n<li id=\"category-710\"><a href=\"https:\/\/art.if.com.tr\/?cat=710\">Saudi Arabistan<\/a><\/li>\n<li id=\"category-688\"><a href=\"https:\/\/art.if.com.tr\/?cat=688\">Senegal<\/a><\/li>\n<li id=\"category-686\"><a href=\"https:\/\/art.if.com.tr\/?cat=686\">Sudan<\/a><\/li>\n<li id=\"category-705\"><a href=\"https:\/\/art.if.com.tr\/?cat=705\">Tanzanya<\/a><\/li>\n<li id=\"category-685\"><a href=\"https:\/\/art.if.com.tr\/?cat=685\">Tunus<\/a><\/li>\n<li id=\"category-708\"><a href=\"https:\/\/art.if.com.tr\/?cat=708\">T\u00fcrkmenistan<\/a><\/li>\n<li id=\"category-712\"><a href=\"https:\/\/art.if.com.tr\/?cat=712\">Uzbekistan<\/a><\/li>\n<li id=\"category-683\"><a href=\"https:\/\/art.if.com.tr\/?cat=683\">Vietnam<\/a><\/li>\n<li id=\"category-146\"><a href=\"https:\/\/art.if.com.tr\/?cat=146\">Yabanc\u0131<\/a><\/li>\n<li id=\"category-720\"><a href=\"https:\/\/art.if.com.tr\/?cat=720\">Yunanistan<\/a><\/li>\n<li id=\"category-704\"><a href=\"https:\/\/art.if.com.tr\/?cat=704\">Zambiya<\/a><\/li>\n<\/ul>\n<\/div>\n<\/div><\/div><\/div><\/div><\/div>","protected":false},"excerpt":{"rendered":"<p>ABD Almanya Avustralya Avusturya Azerbaycan Bel\u00e7ika Brezilya Bulgaristan Endonezya Fas Fransa G\u00fcney Afrika \u0130ngiltere Irak \u0130ran \u0130spanya \u0130sve\u00e7 \u0130svi\u00e7re \u0130talya Kambo\u00e7ya Kanada Kazakistan K\u0131rg\u0131zistan Kosta Rika K\u00fcba Laos L\u00fcbnan Makedonya Meksika Moldova Myammar Nepal Nijer Norve\u00e7 Peru Romanya Rusya Saudi Arabistan Senegal Sudan Tanzanya Tunus T\u00fcrkmenistan Uzbekistan Vietnam Yabanc\u0131 Yunanistan Zambiya<\/p>\n","protected":false},"author":1,"featured_media":0,"parent":0,"menu_order":0,"comment_status":"closed","ping_status":"closed","template":"","meta":{"footnotes":""},"class_list":["post-23791","page","type-page","status-publish","hentry"],"yoast_head":"<!-- This site is optimized with the Yoast SEO plugin v27.5 - https:\/\/yoast.com\/product\/yoast-seo-wordpress\/ -->\n<title>\u00dclkeler - Emel - Orhan Karado\u011fan Koleksiyonu<\/title>\n<meta name=\"robots\" content=\"index, follow, max-snippet:-1, max-image-preview:large, max-video-preview:-1\" \/>\n<link rel=\"canonical\" href=\"https:\/\/art.if.com.tr\/?page_id=23791\" \/>\n<meta property=\"og:locale\" content=\"tr_TR\" \/>\n<meta property=\"og:type\" content=\"article\" \/>\n<meta property=\"og:title\" content=\"\u00dclkeler - Emel - Orhan Karado\u011fan Koleksiyonu\" \/>\n<meta property=\"og:description\" content=\"ABD Almanya Avustralya Avusturya Azerbaycan Bel\u00e7ika Brezilya Bulgaristan Endonezya Fas Fransa G\u00fcney Afrika \u0130ngiltere Irak \u0130ran \u0130spanya \u0130sve\u00e7 \u0130svi\u00e7re \u0130talya Kambo\u00e7ya Kanada Kazakistan K\u0131rg\u0131zistan Kosta Rika K\u00fcba Laos L\u00fcbnan Makedonya Meksika Moldova Myammar Nepal Nijer Norve\u00e7 Peru Romanya Rusya Saudi Arabistan Senegal Sudan Tanzanya Tunus T\u00fcrkmenistan Uzbekistan Vietnam Yabanc\u0131 Yunanistan Zambiya\" \/>\n<meta property=\"og:url\" content=\"https:\/\/art.if.com.tr\/?page_id=23791\" \/>\n<meta property=\"og:site_name\" content=\"Emel - Orhan Karado\u011fan Koleksiyonu\" \/>\n<meta property=\"article:modified_time\" content=\"2022-11-19T13:23:37+00:00\" \/>\n<meta name=\"twitter:card\" content=\"summary_large_image\" \/>\n<script type=\"application\/ld+json\" class=\"yoast-schema-graph\">{\"@context\":\"https:\\\/\\\/schema.org\",\"@graph\":[{\"@type\":\"WebPage\",\"@id\":\"https:\\\/\\\/art.if.com.tr\\\/?page_id=23791\",\"url\":\"https:\\\/\\\/art.if.com.tr\\\/?page_id=23791\",\"name\":\"\u00dclkeler - Emel - Orhan Karado\u011fan Koleksiyonu\",\"isPartOf\":{\"@id\":\"https:\\\/\\\/art.if.com.tr\\\/#website\"},\"datePublished\":\"2022-08-15T15:48:45+00:00\",\"dateModified\":\"2022-11-19T13:23:37+00:00\",\"breadcrumb\":{\"@id\":\"https:\\\/\\\/art.if.com.tr\\\/?page_id=23791#breadcrumb\"},\"inLanguage\":\"tr\",\"potentialAction\":[{\"@type\":\"ReadAction\",\"target\":[\"https:\\\/\\\/art.if.com.tr\\\/?page_id=23791\"]}]},{\"@type\":\"BreadcrumbList\",\"@id\":\"https:\\\/\\\/art.if.com.tr\\\/?page_id=23791#breadcrumb\",\"itemListElement\":[{\"@type\":\"ListItem\",\"position\":1,\"name\":\"Anasayfa\",\"item\":\"https:\\\/\\\/art.if.com.tr\\\/\"},{\"@type\":\"ListItem\",\"position\":2,\"name\":\"\u00dclkeler\"}]},{\"@type\":\"WebSite\",\"@id\":\"https:\\\/\\\/art.if.com.tr\\\/#website\",\"url\":\"https:\\\/\\\/art.if.com.tr\\\/\",\"name\":\"Emel - Orhan Karado\u011fan Koleksiyonu\",\"description\":\"\",\"publisher\":{\"@id\":\"https:\\\/\\\/art.if.com.tr\\\/#organization\"},\"potentialAction\":[{\"@type\":\"SearchAction\",\"target\":{\"@type\":\"EntryPoint\",\"urlTemplate\":\"https:\\\/\\\/art.if.com.tr\\\/?s={search_term_string}\"},\"query-input\":{\"@type\":\"PropertyValueSpecification\",\"valueRequired\":true,\"valueName\":\"search_term_string\"}}],\"inLanguage\":\"tr\"},{\"@type\":\"Organization\",\"@id\":\"https:\\\/\\\/art.if.com.tr\\\/#organization\",\"name\":\"Emel - Orhan Karado\u011fan Koleksiyonu\",\"url\":\"https:\\\/\\\/art.if.com.tr\\\/\",\"logo\":{\"@type\":\"ImageObject\",\"inLanguage\":\"tr\",\"@id\":\"https:\\\/\\\/art.if.com.tr\\\/#\\\/schema\\\/logo\\\/image\\\/\",\"url\":\"https:\\\/\\\/art.if.com.tr\\\/wp-content\\\/uploads\\\/2022\\\/07\\\/150x150-iF-Art-logo-e1658997012336.png\",\"contentUrl\":\"https:\\\/\\\/art.if.com.tr\\\/wp-content\\\/uploads\\\/2022\\\/07\\\/150x150-iF-Art-logo-e1658997012336.png\",\"width\":150,\"height\":118,\"caption\":\"Emel - Orhan Karado\u011fan Koleksiyonu\"},\"image\":{\"@id\":\"https:\\\/\\\/art.if.com.tr\\\/#\\\/schema\\\/logo\\\/image\\\/\"}}]}<\/script>\n<!-- \/ Yoast SEO plugin. -->","yoast_head_json":{"title":"\u00dclkeler - Emel - Orhan Karado\u011fan Koleksiyonu","robots":{"index":"index","follow":"follow","max-snippet":"max-snippet:-1","max-image-preview":"max-image-preview:large","max-video-preview":"max-video-preview:-1"},"canonical":"https:\/\/art.if.com.tr\/?page_id=23791","og_locale":"tr_TR","og_type":"article","og_title":"\u00dclkeler - Emel - Orhan Karado\u011fan Koleksiyonu","og_description":"ABD Almanya Avustralya Avusturya Azerbaycan Bel\u00e7ika Brezilya Bulgaristan Endonezya Fas Fransa G\u00fcney Afrika \u0130ngiltere Irak \u0130ran \u0130spanya \u0130sve\u00e7 \u0130svi\u00e7re \u0130talya Kambo\u00e7ya Kanada Kazakistan K\u0131rg\u0131zistan Kosta Rika K\u00fcba Laos L\u00fcbnan Makedonya Meksika Moldova Myammar Nepal Nijer Norve\u00e7 Peru Romanya Rusya Saudi Arabistan Senegal Sudan Tanzanya Tunus T\u00fcrkmenistan Uzbekistan Vietnam Yabanc\u0131 Yunanistan Zambiya","og_url":"https:\/\/art.if.com.tr\/?page_id=23791","og_site_name":"Emel - Orhan Karado\u011fan Koleksiyonu","article_modified_time":"2022-11-19T13:23:37+00:00","twitter_card":"summary_large_image","schema":{"@context":"https:\/\/schema.org","@graph":[{"@type":"WebPage","@id":"https:\/\/art.if.com.tr\/?page_id=23791","url":"https:\/\/art.if.com.tr\/?page_id=23791","name":"\u00dclkeler - Emel - Orhan Karado\u011fan Koleksiyonu","isPartOf":{"@id":"https:\/\/art.if.com.tr\/#website"},"datePublished":"2022-08-15T15:48:45+00:00","dateModified":"2022-11-19T13:23:37+00:00","breadcrumb":{"@id":"https:\/\/art.if.com.tr\/?page_id=23791#breadcrumb"},"inLanguage":"tr","potentialAction":[{"@type":"ReadAction","target":["https:\/\/art.if.com.tr\/?page_id=23791"]}]},{"@type":"BreadcrumbList","@id":"https:\/\/art.if.com.tr\/?page_id=23791#breadcrumb","itemListElement":[{"@type":"ListItem","position":1,"name":"Anasayfa","item":"https:\/\/art.if.com.tr\/"},{"@type":"ListItem","position":2,"name":"\u00dclkeler"}]},{"@type":"WebSite","@id":"https:\/\/art.if.com.tr\/#website","url":"https:\/\/art.if.com.tr\/","name":"Emel - Orhan Karado\u011fan Koleksiyonu","description":"","publisher":{"@id":"https:\/\/art.if.com.tr\/#organization"},"potentialAction":[{"@type":"SearchAction","target":{"@type":"EntryPoint","urlTemplate":"https:\/\/art.if.com.tr\/?s={search_term_string}"},"query-input":{"@type":"PropertyValueSpecification","valueRequired":true,"valueName":"search_term_string"}}],"inLanguage":"tr"},{"@type":"Organization","@id":"https:\/\/art.if.com.tr\/#organization","name":"Emel - Orhan Karado\u011fan Koleksiyonu","url":"https:\/\/art.if.com.tr\/","logo":{"@type":"ImageObject","inLanguage":"tr","@id":"https:\/\/art.if.com.tr\/#\/schema\/logo\/image\/","url":"https:\/\/art.if.com.tr\/wp-content\/uploads\/2022\/07\/150x150-iF-Art-logo-e1658997012336.png","contentUrl":"https:\/\/art.if.com.tr\/wp-content\/uploads\/2022\/07\/150x150-iF-Art-logo-e1658997012336.png","width":150,"height":118,"caption":"Emel - Orhan Karado\u011fan Koleksiyonu"},"image":{"@id":"https:\/\/art.if.com.tr\/#\/schema\/logo\/image\/"}}]}},"_links":{"self":[{"href":"https:\/\/art.if.com.tr\/index.php?rest_route=\/wp\/v2\/pages\/23791","targetHints":{"allow":["GET"]}}],"collection":[{"href":"https:\/\/art.if.com.tr\/index.php?rest_route=\/wp\/v2\/pages"}],"about":[{"href":"https:\/\/art.if.com.tr\/index.php?rest_route=\/wp\/v2\/types\/page"}],"author":[{"embeddable":true,"href":"https:\/\/art.if.com.tr\/index.php?rest_route=\/wp\/v2\/users\/1"}],"replies":[{"embeddable":true,"href":"https:\/\/art.if.com.tr\/index.php?rest_route=%2Fwp%2Fv2%2Fcomments&post=23791"}],"version-history":[{"count":6,"href":"https:\/\/art.if.com.tr\/index.php?rest_route=\/wp\/v2\/pages\/23791\/revisions"}],"predecessor-version":[{"id":24185,"href":"https:\/\/art.if.com.tr\/index.php?rest_route=\/wp\/v2\/pages\/23791\/revisions\/24185"}],"wp:attachment":[{"href":"https:\/\/art.if.com.tr\/index.php?rest_route=%2Fwp%2Fv2%2Fmedia&parent=23791"}],"curies":[{"name":"wp","href":"https:\/\/api.w.org\/{rel}","templated":true}]}}