{"id":23738,"date":"2022-08-15T14:11:15","date_gmt":"2022-08-15T11:11:15","guid":{"rendered":"https:\/\/art.if.com.tr\/?page_id=23738"},"modified":"2022-10-06T14:36:42","modified_gmt":"2022-10-06T11:36:42","slug":"t","status":"publish","type":"page","link":"https:\/\/art.if.com.tr\/?page_id=23738","title":{"rendered":"T"},"content":{"rendered":"<div id=\"pl-gb23738-69f74f5ceba58\"  class=\"panel-layout\" ><div id=\"pg-gb23738-69f74f5ceba58-0\"  class=\"panel-grid panel-no-style\" ><div id=\"pgc-gb23738-69f74f5ceba58-0-0\"  class=\"panel-grid-cell panel-grid-cell-empty\" ><\/div><div id=\"pgc-gb23738-69f74f5ceba58-0-1\"  class=\"panel-grid-cell\" ><div id=\"panel-gb23738-69f74f5ceba58-0-1-0\" class=\"so-panel widget widget_sow-editor panel-first-child panel-last-child\" data-index=\"0\" ><div\n\t\t\t\n\t\t\tclass=\"so-widget-sow-editor so-widget-sow-editor-base\"\n\t\t\t\n\t\t>\n<div class=\"siteorigin-widget-tinymce textwidget\">\n\t<ul class=\"children\">\n<li id=\"category-325\"><a href=\"https:\/\/art.if.com.tr\/?cat=325\">Tanju Ya\u011fan<\/a><\/li>\n<li id=\"category-396\"><a href=\"https:\/\/art.if.com.tr\/?cat=396\">Tansel T\u00fcrkdo\u011fan<\/a><\/li>\n<li id=\"category-104\"><a href=\"https:\/\/art.if.com.tr\/?cat=104\">Temur K\u00f6ran<\/a><\/li>\n<li id=\"category-367\"><a href=\"https:\/\/art.if.com.tr\/?cat=367\">Tenzile Orhan<\/a><\/li>\n<li id=\"category-105\"><a href=\"https:\/\/art.if.com.tr\/?cat=105\">Teoman Ata<\/a><\/li>\n<li id=\"category-378\"><a href=\"https:\/\/art.if.com.tr\/?cat=378\">Thin Smi<\/a><\/li>\n<li id=\"category-308\"><a href=\"https:\/\/art.if.com.tr\/?cat=308\">Tine<\/a><\/li>\n<li id=\"category-336\"><a href=\"https:\/\/art.if.com.tr\/?cat=336\">Tolga Boztoprak<\/a><\/li>\n<li id=\"category-361\"><a href=\"https:\/\/art.if.com.tr\/?cat=361\">Tolga E\u015fiz<\/a><\/li>\n<li id=\"category-435\"><a href=\"https:\/\/art.if.com.tr\/?cat=435\">Tomas Madina<\/a><\/li>\n<li id=\"category-452\"><a href=\"https:\/\/art.if.com.tr\/?cat=452\">Tropea<\/a><\/li>\n<li id=\"category-114\"><a href=\"https:\/\/art.if.com.tr\/?cat=114\">T\u00fclay \u00d6zt\u00fcrk Y\u0131lmaz<\/a><\/li>\n<li id=\"category-115\"><a href=\"https:\/\/art.if.com.tr\/?cat=115\">T\u00fclay Tura B\u00f6rtecene<\/a><\/li>\n<li id=\"category-116\"><a href=\"https:\/\/art.if.com.tr\/?cat=116\">T\u00fclin Kaynak<\/a><\/li>\n<li id=\"category-359\"><a href=\"https:\/\/art.if.com.tr\/?cat=359\">Tun\u00e7 Dipda\u015f Turbo<\/a><\/li>\n<li id=\"category-107\"><a href=\"https:\/\/art.if.com.tr\/?cat=107\">Tuncay Betil<\/a><\/li>\n<li id=\"category-108\"><a href=\"https:\/\/art.if.com.tr\/?cat=108\">Turan Erol<\/a><\/li>\n<li id=\"category-110\"><a href=\"https:\/\/art.if.com.tr\/?cat=110\">Turgut Atalay<\/a><\/li>\n<li id=\"category-111\"><a href=\"https:\/\/art.if.com.tr\/?cat=111\">Turgut Canda\u015f<\/a><\/li>\n<li id=\"category-112\"><a href=\"https:\/\/art.if.com.tr\/?cat=112\">Turgut Mutlug\u00f6z<\/a><\/li>\n<li id=\"category-113\"><a href=\"https:\/\/art.if.com.tr\/?cat=113\">Turgut Tuncay<\/a><\/li>\n<li id=\"category-117\"><a href=\"https:\/\/art.if.com.tr\/?cat=117\">T\u00fcrker G\u00fcne\u015fo\u011flu<\/a><\/li>\n<li id=\"category-460\"><a href=\"https:\/\/art.if.com.tr\/?cat=460\">Typaeb Babacan<\/a><\/li>\n<\/ul>\n<\/div>\n<\/div><\/div><\/div><\/div><\/div>","protected":false},"excerpt":{"rendered":"<p>Tanju Ya\u011fan Tansel T\u00fcrkdo\u011fan Temur K\u00f6ran Tenzile Orhan Teoman Ata Thin Smi Tine Tolga Boztoprak Tolga E\u015fiz Tomas Madina Tropea T\u00fclay \u00d6zt\u00fcrk Y\u0131lmaz T\u00fclay Tura B\u00f6rtecene T\u00fclin Kaynak Tun\u00e7 Dipda\u015f Turbo Tuncay Betil Turan Erol Turgut Atalay Turgut Canda\u015f Turgut Mutlug\u00f6z Turgut Tuncay T\u00fcrker G\u00fcne\u015fo\u011flu Typaeb Babacan<\/p>\n","protected":false},"author":1,"featured_media":0,"parent":23674,"menu_order":1,"comment_status":"closed","ping_status":"closed","template":"","meta":{"footnotes":""},"class_list":["post-23738","page","type-page","status-publish","hentry"],"yoast_head":"<!-- This site is optimized with the Yoast SEO plugin v27.5 - https:\/\/yoast.com\/product\/yoast-seo-wordpress\/ -->\n<title>T - Emel - Orhan Karado\u011fan Koleksiyonu<\/title>\n<meta name=\"robots\" content=\"index, follow, max-snippet:-1, max-image-preview:large, max-video-preview:-1\" \/>\n<link rel=\"canonical\" href=\"https:\/\/art.if.com.tr\/?page_id=23738\" \/>\n<meta property=\"og:locale\" content=\"tr_TR\" \/>\n<meta property=\"og:type\" content=\"article\" \/>\n<meta property=\"og:title\" content=\"T - Emel - Orhan Karado\u011fan Koleksiyonu\" \/>\n<meta property=\"og:description\" content=\"Tanju Ya\u011fan Tansel T\u00fcrkdo\u011fan Temur K\u00f6ran Tenzile Orhan Teoman Ata Thin Smi Tine Tolga Boztoprak Tolga E\u015fiz Tomas Madina Tropea T\u00fclay \u00d6zt\u00fcrk Y\u0131lmaz T\u00fclay Tura B\u00f6rtecene T\u00fclin Kaynak Tun\u00e7 Dipda\u015f Turbo Tuncay Betil Turan Erol Turgut Atalay Turgut Canda\u015f Turgut Mutlug\u00f6z Turgut Tuncay T\u00fcrker G\u00fcne\u015fo\u011flu Typaeb Babacan\" \/>\n<meta property=\"og:url\" content=\"https:\/\/art.if.com.tr\/?page_id=23738\" \/>\n<meta property=\"og:site_name\" content=\"Emel - Orhan Karado\u011fan Koleksiyonu\" \/>\n<meta property=\"article:modified_time\" content=\"2022-10-06T11:36:42+00:00\" \/>\n<meta name=\"twitter:card\" content=\"summary_large_image\" \/>\n<script type=\"application\/ld+json\" class=\"yoast-schema-graph\">{\"@context\":\"https:\\\/\\\/schema.org\",\"@graph\":[{\"@type\":\"WebPage\",\"@id\":\"https:\\\/\\\/art.if.com.tr\\\/?page_id=23738\",\"url\":\"https:\\\/\\\/art.if.com.tr\\\/?page_id=23738\",\"name\":\"T - Emel - Orhan Karado\u011fan Koleksiyonu\",\"isPartOf\":{\"@id\":\"https:\\\/\\\/art.if.com.tr\\\/#website\"},\"datePublished\":\"2022-08-15T11:11:15+00:00\",\"dateModified\":\"2022-10-06T11:36:42+00:00\",\"breadcrumb\":{\"@id\":\"https:\\\/\\\/art.if.com.tr\\\/?page_id=23738#breadcrumb\"},\"inLanguage\":\"tr\",\"potentialAction\":[{\"@type\":\"ReadAction\",\"target\":[\"https:\\\/\\\/art.if.com.tr\\\/?page_id=23738\"]}]},{\"@type\":\"BreadcrumbList\",\"@id\":\"https:\\\/\\\/art.if.com.tr\\\/?page_id=23738#breadcrumb\",\"itemListElement\":[{\"@type\":\"ListItem\",\"position\":1,\"name\":\"Anasayfa\",\"item\":\"https:\\\/\\\/art.if.com.tr\\\/\"},{\"@type\":\"ListItem\",\"position\":2,\"name\":\"Eserler\",\"item\":\"https:\\\/\\\/art.if.com.tr\\\/?page_id=23674\"},{\"@type\":\"ListItem\",\"position\":3,\"name\":\"T\"}]},{\"@type\":\"WebSite\",\"@id\":\"https:\\\/\\\/art.if.com.tr\\\/#website\",\"url\":\"https:\\\/\\\/art.if.com.tr\\\/\",\"name\":\"Emel - Orhan Karado\u011fan Koleksiyonu\",\"description\":\"\",\"publisher\":{\"@id\":\"https:\\\/\\\/art.if.com.tr\\\/#organization\"},\"potentialAction\":[{\"@type\":\"SearchAction\",\"target\":{\"@type\":\"EntryPoint\",\"urlTemplate\":\"https:\\\/\\\/art.if.com.tr\\\/?s={search_term_string}\"},\"query-input\":{\"@type\":\"PropertyValueSpecification\",\"valueRequired\":true,\"valueName\":\"search_term_string\"}}],\"inLanguage\":\"tr\"},{\"@type\":\"Organization\",\"@id\":\"https:\\\/\\\/art.if.com.tr\\\/#organization\",\"name\":\"Emel - Orhan Karado\u011fan Koleksiyonu\",\"url\":\"https:\\\/\\\/art.if.com.tr\\\/\",\"logo\":{\"@type\":\"ImageObject\",\"inLanguage\":\"tr\",\"@id\":\"https:\\\/\\\/art.if.com.tr\\\/#\\\/schema\\\/logo\\\/image\\\/\",\"url\":\"https:\\\/\\\/art.if.com.tr\\\/wp-content\\\/uploads\\\/2022\\\/07\\\/150x150-iF-Art-logo-e1658997012336.png\",\"contentUrl\":\"https:\\\/\\\/art.if.com.tr\\\/wp-content\\\/uploads\\\/2022\\\/07\\\/150x150-iF-Art-logo-e1658997012336.png\",\"width\":150,\"height\":118,\"caption\":\"Emel - Orhan Karado\u011fan Koleksiyonu\"},\"image\":{\"@id\":\"https:\\\/\\\/art.if.com.tr\\\/#\\\/schema\\\/logo\\\/image\\\/\"}}]}<\/script>\n<!-- \/ Yoast SEO plugin. -->","yoast_head_json":{"title":"T - Emel - Orhan Karado\u011fan Koleksiyonu","robots":{"index":"index","follow":"follow","max-snippet":"max-snippet:-1","max-image-preview":"max-image-preview:large","max-video-preview":"max-video-preview:-1"},"canonical":"https:\/\/art.if.com.tr\/?page_id=23738","og_locale":"tr_TR","og_type":"article","og_title":"T - Emel - Orhan Karado\u011fan Koleksiyonu","og_description":"Tanju Ya\u011fan Tansel T\u00fcrkdo\u011fan Temur K\u00f6ran Tenzile Orhan Teoman Ata Thin Smi Tine Tolga Boztoprak Tolga E\u015fiz Tomas Madina Tropea T\u00fclay \u00d6zt\u00fcrk Y\u0131lmaz T\u00fclay Tura B\u00f6rtecene T\u00fclin Kaynak Tun\u00e7 Dipda\u015f Turbo Tuncay Betil Turan Erol Turgut Atalay Turgut Canda\u015f Turgut Mutlug\u00f6z Turgut Tuncay T\u00fcrker G\u00fcne\u015fo\u011flu Typaeb Babacan","og_url":"https:\/\/art.if.com.tr\/?page_id=23738","og_site_name":"Emel - Orhan Karado\u011fan Koleksiyonu","article_modified_time":"2022-10-06T11:36:42+00:00","twitter_card":"summary_large_image","schema":{"@context":"https:\/\/schema.org","@graph":[{"@type":"WebPage","@id":"https:\/\/art.if.com.tr\/?page_id=23738","url":"https:\/\/art.if.com.tr\/?page_id=23738","name":"T - Emel - Orhan Karado\u011fan Koleksiyonu","isPartOf":{"@id":"https:\/\/art.if.com.tr\/#website"},"datePublished":"2022-08-15T11:11:15+00:00","dateModified":"2022-10-06T11:36:42+00:00","breadcrumb":{"@id":"https:\/\/art.if.com.tr\/?page_id=23738#breadcrumb"},"inLanguage":"tr","potentialAction":[{"@type":"ReadAction","target":["https:\/\/art.if.com.tr\/?page_id=23738"]}]},{"@type":"BreadcrumbList","@id":"https:\/\/art.if.com.tr\/?page_id=23738#breadcrumb","itemListElement":[{"@type":"ListItem","position":1,"name":"Anasayfa","item":"https:\/\/art.if.com.tr\/"},{"@type":"ListItem","position":2,"name":"Eserler","item":"https:\/\/art.if.com.tr\/?page_id=23674"},{"@type":"ListItem","position":3,"name":"T"}]},{"@type":"WebSite","@id":"https:\/\/art.if.com.tr\/#website","url":"https:\/\/art.if.com.tr\/","name":"Emel - Orhan Karado\u011fan Koleksiyonu","description":"","publisher":{"@id":"https:\/\/art.if.com.tr\/#organization"},"potentialAction":[{"@type":"SearchAction","target":{"@type":"EntryPoint","urlTemplate":"https:\/\/art.if.com.tr\/?s={search_term_string}"},"query-input":{"@type":"PropertyValueSpecification","valueRequired":true,"valueName":"search_term_string"}}],"inLanguage":"tr"},{"@type":"Organization","@id":"https:\/\/art.if.com.tr\/#organization","name":"Emel - Orhan Karado\u011fan Koleksiyonu","url":"https:\/\/art.if.com.tr\/","logo":{"@type":"ImageObject","inLanguage":"tr","@id":"https:\/\/art.if.com.tr\/#\/schema\/logo\/image\/","url":"https:\/\/art.if.com.tr\/wp-content\/uploads\/2022\/07\/150x150-iF-Art-logo-e1658997012336.png","contentUrl":"https:\/\/art.if.com.tr\/wp-content\/uploads\/2022\/07\/150x150-iF-Art-logo-e1658997012336.png","width":150,"height":118,"caption":"Emel - Orhan Karado\u011fan Koleksiyonu"},"image":{"@id":"https:\/\/art.if.com.tr\/#\/schema\/logo\/image\/"}}]}},"_links":{"self":[{"href":"https:\/\/art.if.com.tr\/index.php?rest_route=\/wp\/v2\/pages\/23738","targetHints":{"allow":["GET"]}}],"collection":[{"href":"https:\/\/art.if.com.tr\/index.php?rest_route=\/wp\/v2\/pages"}],"about":[{"href":"https:\/\/art.if.com.tr\/index.php?rest_route=\/wp\/v2\/types\/page"}],"author":[{"embeddable":true,"href":"https:\/\/art.if.com.tr\/index.php?rest_route=\/wp\/v2\/users\/1"}],"replies":[{"embeddable":true,"href":"https:\/\/art.if.com.tr\/index.php?rest_route=%2Fwp%2Fv2%2Fcomments&post=23738"}],"version-history":[{"count":2,"href":"https:\/\/art.if.com.tr\/index.php?rest_route=\/wp\/v2\/pages\/23738\/revisions"}],"predecessor-version":[{"id":24131,"href":"https:\/\/art.if.com.tr\/index.php?rest_route=\/wp\/v2\/pages\/23738\/revisions\/24131"}],"up":[{"embeddable":true,"href":"https:\/\/art.if.com.tr\/index.php?rest_route=\/wp\/v2\/pages\/23674"}],"wp:attachment":[{"href":"https:\/\/art.if.com.tr\/index.php?rest_route=%2Fwp%2Fv2%2Fmedia&parent=23738"}],"curies":[{"name":"wp","href":"https:\/\/api.w.org\/{rel}","templated":true}]}}