{"id":23735,"date":"2022-08-15T12:47:57","date_gmt":"2022-08-15T09:47:57","guid":{"rendered":"https:\/\/art.if.com.tr\/?page_id=23735"},"modified":"2025-05-27T11:23:07","modified_gmt":"2025-05-27T08:23:07","slug":"s-s","status":"publish","type":"page","link":"https:\/\/art.if.com.tr\/?page_id=23735","title":{"rendered":"S-\u015e"},"content":{"rendered":"<div id=\"pl-gb23735-69f74f5e81b75\"  class=\"panel-layout wp-block-siteorigin-panels-layout-block\" ><div id=\"pg-gb23735-69f74f5e81b75-0\"  class=\"panel-grid panel-no-style\" ><div id=\"pgc-gb23735-69f74f5e81b75-0-0\"  class=\"panel-grid-cell panel-grid-cell-empty\" ><\/div><div id=\"pgc-gb23735-69f74f5e81b75-0-1\"  class=\"panel-grid-cell\" ><div id=\"panel-gb23735-69f74f5e81b75-0-1-0\" class=\"so-panel widget widget_sow-editor panel-first-child panel-last-child\" data-index=\"0\" ><div\n\t\t\t\n\t\t\tclass=\"so-widget-sow-editor so-widget-sow-editor-base\"\n\t\t\t\n\t\t>\n<div class=\"siteorigin-widget-tinymce textwidget\">\n\t<ul class=\"children\">\n<li id=\"category-434\"><a href=\"https:\/\/art.if.com.tr\/?cat=434\">S.Fidel Toranzo Castro<\/a><\/li>\n<li id=\"category-459\"><a href=\"https:\/\/art.if.com.tr\/?cat=459\">S.H.<\/a><\/li>\n<li id=\"category-634\"><a href=\"https:\/\/art.if.com.tr\/?cat=634\">Sabahattin Camc\u0131o\u011flu<\/a><\/li>\n<li id=\"category-628\"><a href=\"https:\/\/art.if.com.tr\/?cat=628\">Sabri Ak\u00e7a<\/a><\/li>\n<li id=\"category-626\"><a href=\"https:\/\/art.if.com.tr\/?cat=626\">Sabri Berker<\/a><\/li>\n<li id=\"category-646\"><a href=\"https:\/\/art.if.com.tr\/?cat=646\">Sadiye B\u00fcy\u00fckbayram<\/a><\/li>\n<li id=\"category-323\"><a href=\"https:\/\/art.if.com.tr\/?cat=323\">Saim Altuncu<\/a><\/li>\n<li id=\"category-627\"><a href=\"https:\/\/art.if.com.tr\/?cat=627\">Saim Dursun<\/a><\/li>\n<li id=\"category-414\"><a href=\"https:\/\/art.if.com.tr\/?cat=414\">Saime D\u00f6nmezer<\/a><\/li>\n<li id=\"category-224\"><a href=\"https:\/\/art.if.com.tr\/?cat=224\">Sait G\u00fcnel<\/a><\/li>\n<li id=\"category-443\"><a href=\"https:\/\/art.if.com.tr\/?cat=443\">Salam Ansari<\/a><\/li>\n<li id=\"category-246\"><a href=\"https:\/\/art.if.com.tr\/?cat=246\">Salam Omar<\/a><\/li>\n<li id=\"category-451\"><a href=\"https:\/\/art.if.com.tr\/?cat=451\">Saverio de Bello<\/a><\/li>\n<li id=\"category-629\"><a href=\"https:\/\/art.if.com.tr\/?cat=629\">Say\u0131m Ko\u00e7<\/a><\/li>\n<li id=\"category-644\"><a href=\"https:\/\/art.if.com.tr\/?cat=644\">Sebahat \u00d6ner \u00d6zkaya<\/a><\/li>\n<li id=\"category-317\"><a href=\"https:\/\/art.if.com.tr\/?cat=317\">Seda Cevizli<\/a><\/li>\n<li id=\"category-368\"><a href=\"https:\/\/art.if.com.tr\/?cat=368\">Sefer \u00d6zt\u00fcrk<\/a><\/li>\n<li id=\"category-393\"><a href=\"https:\/\/art.if.com.tr\/?cat=393\">\u015eefika Irmak<\/a><\/li>\n<li id=\"category-633\"><a href=\"https:\/\/art.if.com.tr\/?cat=633\">Selahattin Ayd\u0131n<\/a><\/li>\n<li id=\"category-640\"><a href=\"https:\/\/art.if.com.tr\/?cat=640\">Selahattin Y\u0131ld\u0131r\u0131m<\/a><\/li>\n<li id=\"category-635\"><a href=\"https:\/\/art.if.com.tr\/?cat=635\">Sel\u00e7uk Canda\u015f<\/a><\/li>\n<li id=\"category-637\"><a href=\"https:\/\/art.if.com.tr\/?cat=637\">Sel\u00e7uk Ferg\u00f6k\u00e7e<\/a><\/li>\n<li id=\"category-380\"><a href=\"https:\/\/art.if.com.tr\/?cat=380\">Sel\u00e7uk Nartur<\/a><\/li>\n<li id=\"category-324\"><a href=\"https:\/\/art.if.com.tr\/?cat=324\">Selim Karado\u011fan<\/a><\/li>\n<li id=\"category-639\"><a href=\"https:\/\/art.if.com.tr\/?cat=639\">Selma Karateke<\/a><\/li>\n<li id=\"category-95\"><a href=\"https:\/\/art.if.com.tr\/?cat=95\">Sema Ma\u015fk\u0131l\u0131<\/a><\/li>\n<li id=\"category-214\"><a href=\"https:\/\/art.if.com.tr\/?cat=214\">Semra Bayram<\/a><\/li>\n<li id=\"category-301\"><a href=\"https:\/\/art.if.com.tr\/?cat=301\">Semra Do\u011fan Ak<\/a><\/li>\n<li id=\"category-210\"><a href=\"https:\/\/art.if.com.tr\/?cat=210\">Seniha \u00dcnay Sel\u00e7uk<\/a><\/li>\n<li id=\"category-638\"><a href=\"https:\/\/art.if.com.tr\/?cat=638\">\u015eenol Yorozlu<\/a><\/li>\n<li id=\"category-636\"><a href=\"https:\/\/art.if.com.tr\/?cat=636\">Serap Eyrenci<\/a><\/li>\n<li id=\"category-376\"><a href=\"https:\/\/art.if.com.tr\/?cat=376\">Serdal Kesgin<\/a><\/li>\n<li id=\"category-239\"><a href=\"https:\/\/art.if.com.tr\/?cat=239\">Serdal Yerli<\/a><\/li>\n<li id=\"category-379\"><a href=\"https:\/\/art.if.com.tr\/?cat=379\">Serdar Dartar<\/a><\/li>\n<li id=\"category-398\"><a href=\"https:\/\/art.if.com.tr\/?cat=398\">Seren Ceren Asyal\u0131<\/a><\/li>\n<li id=\"category-228\"><a href=\"https:\/\/art.if.com.tr\/?cat=228\">\u015eerif Kino<\/a><\/li>\n<li id=\"category-631\"><a href=\"https:\/\/art.if.com.tr\/?cat=631\">\u015eerife Alantor<\/a><\/li>\n<li id=\"category-642\"><a href=\"https:\/\/art.if.com.tr\/?cat=642\">serpil<\/a><\/li>\n<li id=\"category-630\"><a href=\"https:\/\/art.if.com.tr\/?cat=630\">Serpil Aksu<\/a><\/li>\n<li id=\"category-235\"><a href=\"https:\/\/art.if.com.tr\/?cat=235\">Sevgi Bayram Korkut<\/a><\/li>\n<li id=\"category-96\"><a href=\"https:\/\/art.if.com.tr\/?cat=96\">Sevin\u00e7 \u00c7ift\u00e7i<\/a><\/li>\n<li id=\"category-641\"><a href=\"https:\/\/art.if.com.tr\/?cat=641\">\u015eevki Saki<\/a><\/li>\n<li id=\"category-632\"><a href=\"https:\/\/art.if.com.tr\/?cat=632\">Seyfi Ar\u0131kan<\/a><\/li>\n<li id=\"category-303\"><a href=\"https:\/\/art.if.com.tr\/?cat=303\">Seyhan \u0130lhan<\/a><\/li>\n<li id=\"category-381\"><a href=\"https:\/\/art.if.com.tr\/?cat=381\">Seyyit Bozdo\u011fan<\/a><\/li>\n<li id=\"category-423\"><a href=\"https:\/\/art.if.com.tr\/?cat=423\">Silva<\/a><\/li>\n<li id=\"category-240\"><a href=\"https:\/\/art.if.com.tr\/?cat=240\">Sinan Ayd\u0131n Hasar<\/a><\/li>\n<li id=\"category-643\"><a href=\"https:\/\/art.if.com.tr\/?cat=643\">Sinan Karado\u011fan<\/a><\/li>\n<li id=\"category-645\"><a href=\"https:\/\/art.if.com.tr\/?cat=645\">S\u00f6butay \u00d6zer<\/a><\/li>\n<li id=\"category-407\"><a href=\"https:\/\/art.if.com.tr\/?cat=407\">Soner Dombalo\u011flu<\/a><\/li>\n<li><a href=\"https:\/\/art.if.com.tr\/?cat=823\">Song\u00fcl Okdemir<\/a><\/li>\n<li><a href=\"https:\/\/art.if.com.tr\/?cat=839\">Spyros Georgas<\/a><\/li>\n<li id=\"category-341\"><a href=\"https:\/\/art.if.com.tr\/?cat=341\">Suat Aydemir<\/a><\/li>\n<li id=\"category-102\"><a href=\"https:\/\/art.if.com.tr\/?cat=102\">\u015e\u00fckran Pekmezci<\/a><\/li>\n<li><a href=\"https:\/\/art.if.com.tr\/?cat=858\">\u015e\u00fckr\u00fc Karaku\u015f<\/a><\/li>\n<li id=\"category-98\"><a href=\"https:\/\/art.if.com.tr\/?cat=98\">\u015eule Y\u0131ld\u0131r\u0131m<\/a><\/li>\n<li id=\"category-647\"><a href=\"https:\/\/art.if.com.tr\/?cat=647\">S\u00fcleyman Saim Tekcan<\/a><\/li>\n<li id=\"category-97\"><a href=\"https:\/\/art.if.com.tr\/?cat=97\">Suna T\u00fcfek\u00e7iba\u015f\u0131<\/a><\/li>\n<li id=\"category-339\"><a href=\"https:\/\/art.if.com.tr\/?cat=339\">Sunay Birik<\/a><\/li>\n<li id=\"category-241\"><a href=\"https:\/\/art.if.com.tr\/?cat=241\">Sunay \u015eent\u00fcrk<\/a><\/li>\n<li id=\"category-449\"><a href=\"https:\/\/art.if.com.tr\/?cat=449\">Sunnie Kanani<\/a><\/li>\n<li id=\"category-458\"><a href=\"https:\/\/art.if.com.tr\/?cat=458\">Svanhild Winther<\/a><\/li>\n<li id=\"category-466\"><a href=\"https:\/\/art.if.com.tr\/?cat=466\">Sveta Erozgen<\/a><\/li>\n<li id=\"category-392\"><a href=\"https:\/\/art.if.com.tr\/?cat=392\">Svetlana Starovoitova<\/a><\/li>\n<\/ul>\n<\/div>\n<\/div><\/div><\/div><\/div><\/div>","protected":false},"excerpt":{"rendered":"<p>S.Fidel Toranzo Castro S.H. Sabahattin Camc\u0131o\u011flu Sabri Ak\u00e7a Sabri Berker Sadiye B\u00fcy\u00fckbayram Saim Altuncu Saim Dursun Saime D\u00f6nmezer Sait G\u00fcnel Salam Ansari Salam Omar Saverio de Bello Say\u0131m Ko\u00e7 Sebahat \u00d6ner \u00d6zkaya Seda Cevizli Sefer \u00d6zt\u00fcrk \u015eefika Irmak Selahattin Ayd\u0131n Selahattin Y\u0131ld\u0131r\u0131m Sel\u00e7uk Canda\u015f Sel\u00e7uk Ferg\u00f6k\u00e7e Sel\u00e7uk Nartur Selim Karado\u011fan Selma Karateke Sema Ma\u015fk\u0131l\u0131 Semra &hellip; <\/p>\n","protected":false},"author":1,"featured_media":0,"parent":23674,"menu_order":1,"comment_status":"closed","ping_status":"closed","template":"","meta":{"footnotes":""},"class_list":["post-23735","page","type-page","status-publish","hentry"],"yoast_head":"<!-- This site is optimized with the Yoast SEO plugin v27.5 - https:\/\/yoast.com\/product\/yoast-seo-wordpress\/ -->\n<title>S-\u015e - Emel - Orhan Karado\u011fan Koleksiyonu<\/title>\n<meta name=\"robots\" content=\"index, follow, max-snippet:-1, max-image-preview:large, max-video-preview:-1\" \/>\n<link rel=\"canonical\" href=\"https:\/\/art.if.com.tr\/?page_id=23735\" \/>\n<meta property=\"og:locale\" content=\"tr_TR\" \/>\n<meta property=\"og:type\" content=\"article\" \/>\n<meta property=\"og:title\" content=\"S-\u015e - Emel - Orhan Karado\u011fan Koleksiyonu\" \/>\n<meta property=\"og:description\" content=\"S.Fidel Toranzo Castro S.H. Sabahattin Camc\u0131o\u011flu Sabri Ak\u00e7a Sabri Berker Sadiye B\u00fcy\u00fckbayram Saim Altuncu Saim Dursun Saime D\u00f6nmezer Sait G\u00fcnel Salam Ansari Salam Omar Saverio de Bello Say\u0131m Ko\u00e7 Sebahat \u00d6ner \u00d6zkaya Seda Cevizli Sefer \u00d6zt\u00fcrk \u015eefika Irmak Selahattin Ayd\u0131n Selahattin Y\u0131ld\u0131r\u0131m Sel\u00e7uk Canda\u015f Sel\u00e7uk Ferg\u00f6k\u00e7e Sel\u00e7uk Nartur Selim Karado\u011fan Selma Karateke Sema Ma\u015fk\u0131l\u0131 Semra &hellip;\" \/>\n<meta property=\"og:url\" content=\"https:\/\/art.if.com.tr\/?page_id=23735\" \/>\n<meta property=\"og:site_name\" content=\"Emel - Orhan Karado\u011fan Koleksiyonu\" \/>\n<meta property=\"article:modified_time\" content=\"2025-05-27T08:23:07+00:00\" \/>\n<meta name=\"twitter:card\" content=\"summary_large_image\" \/>\n<script type=\"application\/ld+json\" class=\"yoast-schema-graph\">{\"@context\":\"https:\\\/\\\/schema.org\",\"@graph\":[{\"@type\":\"WebPage\",\"@id\":\"https:\\\/\\\/art.if.com.tr\\\/?page_id=23735\",\"url\":\"https:\\\/\\\/art.if.com.tr\\\/?page_id=23735\",\"name\":\"S-\u015e - Emel - Orhan Karado\u011fan Koleksiyonu\",\"isPartOf\":{\"@id\":\"https:\\\/\\\/art.if.com.tr\\\/#website\"},\"datePublished\":\"2022-08-15T09:47:57+00:00\",\"dateModified\":\"2025-05-27T08:23:07+00:00\",\"breadcrumb\":{\"@id\":\"https:\\\/\\\/art.if.com.tr\\\/?page_id=23735#breadcrumb\"},\"inLanguage\":\"tr\",\"potentialAction\":[{\"@type\":\"ReadAction\",\"target\":[\"https:\\\/\\\/art.if.com.tr\\\/?page_id=23735\"]}]},{\"@type\":\"BreadcrumbList\",\"@id\":\"https:\\\/\\\/art.if.com.tr\\\/?page_id=23735#breadcrumb\",\"itemListElement\":[{\"@type\":\"ListItem\",\"position\":1,\"name\":\"Anasayfa\",\"item\":\"https:\\\/\\\/art.if.com.tr\\\/\"},{\"@type\":\"ListItem\",\"position\":2,\"name\":\"Eserler\",\"item\":\"https:\\\/\\\/art.if.com.tr\\\/?page_id=23674\"},{\"@type\":\"ListItem\",\"position\":3,\"name\":\"S-\u015e\"}]},{\"@type\":\"WebSite\",\"@id\":\"https:\\\/\\\/art.if.com.tr\\\/#website\",\"url\":\"https:\\\/\\\/art.if.com.tr\\\/\",\"name\":\"Emel - Orhan Karado\u011fan Koleksiyonu\",\"description\":\"\",\"publisher\":{\"@id\":\"https:\\\/\\\/art.if.com.tr\\\/#organization\"},\"potentialAction\":[{\"@type\":\"SearchAction\",\"target\":{\"@type\":\"EntryPoint\",\"urlTemplate\":\"https:\\\/\\\/art.if.com.tr\\\/?s={search_term_string}\"},\"query-input\":{\"@type\":\"PropertyValueSpecification\",\"valueRequired\":true,\"valueName\":\"search_term_string\"}}],\"inLanguage\":\"tr\"},{\"@type\":\"Organization\",\"@id\":\"https:\\\/\\\/art.if.com.tr\\\/#organization\",\"name\":\"Emel - Orhan Karado\u011fan Koleksiyonu\",\"url\":\"https:\\\/\\\/art.if.com.tr\\\/\",\"logo\":{\"@type\":\"ImageObject\",\"inLanguage\":\"tr\",\"@id\":\"https:\\\/\\\/art.if.com.tr\\\/#\\\/schema\\\/logo\\\/image\\\/\",\"url\":\"https:\\\/\\\/art.if.com.tr\\\/wp-content\\\/uploads\\\/2022\\\/07\\\/150x150-iF-Art-logo-e1658997012336.png\",\"contentUrl\":\"https:\\\/\\\/art.if.com.tr\\\/wp-content\\\/uploads\\\/2022\\\/07\\\/150x150-iF-Art-logo-e1658997012336.png\",\"width\":150,\"height\":118,\"caption\":\"Emel - Orhan Karado\u011fan Koleksiyonu\"},\"image\":{\"@id\":\"https:\\\/\\\/art.if.com.tr\\\/#\\\/schema\\\/logo\\\/image\\\/\"}}]}<\/script>\n<!-- \/ Yoast SEO plugin. -->","yoast_head_json":{"title":"S-\u015e - Emel - Orhan Karado\u011fan Koleksiyonu","robots":{"index":"index","follow":"follow","max-snippet":"max-snippet:-1","max-image-preview":"max-image-preview:large","max-video-preview":"max-video-preview:-1"},"canonical":"https:\/\/art.if.com.tr\/?page_id=23735","og_locale":"tr_TR","og_type":"article","og_title":"S-\u015e - Emel - Orhan Karado\u011fan Koleksiyonu","og_description":"S.Fidel Toranzo Castro S.H. Sabahattin Camc\u0131o\u011flu Sabri Ak\u00e7a Sabri Berker Sadiye B\u00fcy\u00fckbayram Saim Altuncu Saim Dursun Saime D\u00f6nmezer Sait G\u00fcnel Salam Ansari Salam Omar Saverio de Bello Say\u0131m Ko\u00e7 Sebahat \u00d6ner \u00d6zkaya Seda Cevizli Sefer \u00d6zt\u00fcrk \u015eefika Irmak Selahattin Ayd\u0131n Selahattin Y\u0131ld\u0131r\u0131m Sel\u00e7uk Canda\u015f Sel\u00e7uk Ferg\u00f6k\u00e7e Sel\u00e7uk Nartur Selim Karado\u011fan Selma Karateke Sema Ma\u015fk\u0131l\u0131 Semra &hellip;","og_url":"https:\/\/art.if.com.tr\/?page_id=23735","og_site_name":"Emel - Orhan Karado\u011fan Koleksiyonu","article_modified_time":"2025-05-27T08:23:07+00:00","twitter_card":"summary_large_image","schema":{"@context":"https:\/\/schema.org","@graph":[{"@type":"WebPage","@id":"https:\/\/art.if.com.tr\/?page_id=23735","url":"https:\/\/art.if.com.tr\/?page_id=23735","name":"S-\u015e - Emel - Orhan Karado\u011fan Koleksiyonu","isPartOf":{"@id":"https:\/\/art.if.com.tr\/#website"},"datePublished":"2022-08-15T09:47:57+00:00","dateModified":"2025-05-27T08:23:07+00:00","breadcrumb":{"@id":"https:\/\/art.if.com.tr\/?page_id=23735#breadcrumb"},"inLanguage":"tr","potentialAction":[{"@type":"ReadAction","target":["https:\/\/art.if.com.tr\/?page_id=23735"]}]},{"@type":"BreadcrumbList","@id":"https:\/\/art.if.com.tr\/?page_id=23735#breadcrumb","itemListElement":[{"@type":"ListItem","position":1,"name":"Anasayfa","item":"https:\/\/art.if.com.tr\/"},{"@type":"ListItem","position":2,"name":"Eserler","item":"https:\/\/art.if.com.tr\/?page_id=23674"},{"@type":"ListItem","position":3,"name":"S-\u015e"}]},{"@type":"WebSite","@id":"https:\/\/art.if.com.tr\/#website","url":"https:\/\/art.if.com.tr\/","name":"Emel - Orhan Karado\u011fan Koleksiyonu","description":"","publisher":{"@id":"https:\/\/art.if.com.tr\/#organization"},"potentialAction":[{"@type":"SearchAction","target":{"@type":"EntryPoint","urlTemplate":"https:\/\/art.if.com.tr\/?s={search_term_string}"},"query-input":{"@type":"PropertyValueSpecification","valueRequired":true,"valueName":"search_term_string"}}],"inLanguage":"tr"},{"@type":"Organization","@id":"https:\/\/art.if.com.tr\/#organization","name":"Emel - Orhan Karado\u011fan Koleksiyonu","url":"https:\/\/art.if.com.tr\/","logo":{"@type":"ImageObject","inLanguage":"tr","@id":"https:\/\/art.if.com.tr\/#\/schema\/logo\/image\/","url":"https:\/\/art.if.com.tr\/wp-content\/uploads\/2022\/07\/150x150-iF-Art-logo-e1658997012336.png","contentUrl":"https:\/\/art.if.com.tr\/wp-content\/uploads\/2022\/07\/150x150-iF-Art-logo-e1658997012336.png","width":150,"height":118,"caption":"Emel - Orhan Karado\u011fan Koleksiyonu"},"image":{"@id":"https:\/\/art.if.com.tr\/#\/schema\/logo\/image\/"}}]}},"_links":{"self":[{"href":"https:\/\/art.if.com.tr\/index.php?rest_route=\/wp\/v2\/pages\/23735","targetHints":{"allow":["GET"]}}],"collection":[{"href":"https:\/\/art.if.com.tr\/index.php?rest_route=\/wp\/v2\/pages"}],"about":[{"href":"https:\/\/art.if.com.tr\/index.php?rest_route=\/wp\/v2\/types\/page"}],"author":[{"embeddable":true,"href":"https:\/\/art.if.com.tr\/index.php?rest_route=\/wp\/v2\/users\/1"}],"replies":[{"embeddable":true,"href":"https:\/\/art.if.com.tr\/index.php?rest_route=%2Fwp%2Fv2%2Fcomments&post=23735"}],"version-history":[{"count":5,"href":"https:\/\/art.if.com.tr\/index.php?rest_route=\/wp\/v2\/pages\/23735\/revisions"}],"predecessor-version":[{"id":25780,"href":"https:\/\/art.if.com.tr\/index.php?rest_route=\/wp\/v2\/pages\/23735\/revisions\/25780"}],"up":[{"embeddable":true,"href":"https:\/\/art.if.com.tr\/index.php?rest_route=\/wp\/v2\/pages\/23674"}],"wp:attachment":[{"href":"https:\/\/art.if.com.tr\/index.php?rest_route=%2Fwp%2Fv2%2Fmedia&parent=23735"}],"curies":[{"name":"wp","href":"https:\/\/api.w.org\/{rel}","templated":true}]}}