{"id":23730,"date":"2022-08-13T23:11:56","date_gmt":"2022-08-13T20:11:56","guid":{"rendered":"https:\/\/art.if.com.tr\/?page_id=23730"},"modified":"2026-02-06T17:42:30","modified_gmt":"2026-02-06T14:42:30","slug":"q-2","status":"publish","type":"page","link":"https:\/\/art.if.com.tr\/?page_id=23730","title":{"rendered":"R"},"content":{"rendered":"<div id=\"pl-gb23730-69f74f6bec958\"  class=\"panel-layout wp-block-siteorigin-panels-layout-block\" ><div id=\"pg-gb23730-69f74f6bec958-0\"  class=\"panel-grid panel-no-style\" ><div id=\"pgc-gb23730-69f74f6bec958-0-0\"  class=\"panel-grid-cell panel-grid-cell-empty\" ><\/div><div id=\"pgc-gb23730-69f74f6bec958-0-1\"  class=\"panel-grid-cell\" ><div id=\"panel-gb23730-69f74f6bec958-0-1-0\" class=\"so-panel widget widget_sow-editor panel-first-child panel-last-child\" data-index=\"0\" ><div\n\t\t\t\n\t\t\tclass=\"so-widget-sow-editor so-widget-sow-editor-base\"\n\t\t\t\n\t\t>\n<div class=\"siteorigin-widget-tinymce textwidget\">\n\t<ul class=\"children\">\n<li id=\"category-622\"><a href=\"https:\/\/art.if.com.tr\/?cat=622\">Rafet Ekiz<\/a><\/li>\n<li id=\"category-374\"><a href=\"https:\/\/art.if.com.tr\/?cat=374\">Ramazan \u00d6zdemir<\/a><\/li>\n<li id=\"category-621\"><a href=\"https:\/\/art.if.com.tr\/?cat=621\">Ramiz Ayd\u0131n<\/a><\/li>\n<li><a href=\"https:\/\/art.if.com.tr\/?cat=623\">Resul Aytemur<\/a><\/li>\n<li id=\"category-624\"><a href=\"https:\/\/art.if.com.tr\/?cat=624\">R\u0131fat Ko\u00e7ak<\/a><\/li>\n<li id=\"category-433\"><a href=\"https:\/\/art.if.com.tr\/?cat=433\">Roberto Camacho Frandi<\/a><\/li>\n<li id=\"category-456\"><a href=\"https:\/\/art.if.com.tr\/?cat=456\">Ruiz Rodrigez<\/a><\/li>\n<li id=\"category-391\"><a href=\"https:\/\/art.if.com.tr\/?cat=391\">R\u00fcmeysa Palazo\u011flu<\/a><\/li>\n<li><a href=\"https:\/\/art.if.com.tr\/?cat=873\">Ru\u015fen E\u015fref Y\u0131lmaz<\/a><\/li>\n<li id=\"category-625\"><a href=\"https:\/\/art.if.com.tr\/?cat=625\">R\u00fcstem Avc\u0131l<\/a><\/li>\n<\/ul>\n<\/div>\n<\/div><\/div><\/div><\/div><\/div>","protected":false},"excerpt":{"rendered":"<p>Rafet Ekiz Ramazan \u00d6zdemir Ramiz Ayd\u0131n Resul Aytemur R\u0131fat Ko\u00e7ak Roberto Camacho Frandi Ruiz Rodrigez R\u00fcmeysa Palazo\u011flu Ru\u015fen E\u015fref Y\u0131lmaz R\u00fcstem Avc\u0131l<\/p>\n","protected":false},"author":1,"featured_media":0,"parent":23674,"menu_order":1,"comment_status":"closed","ping_status":"closed","template":"","meta":{"footnotes":""},"class_list":["post-23730","page","type-page","status-publish","hentry"],"yoast_head":"<!-- This site is optimized with the Yoast SEO plugin v27.5 - https:\/\/yoast.com\/product\/yoast-seo-wordpress\/ -->\n<title>R - Emel - Orhan Karado\u011fan Koleksiyonu<\/title>\n<meta name=\"robots\" content=\"index, follow, max-snippet:-1, max-image-preview:large, max-video-preview:-1\" \/>\n<link rel=\"canonical\" href=\"https:\/\/art.if.com.tr\/?page_id=23730\" \/>\n<meta property=\"og:locale\" content=\"tr_TR\" \/>\n<meta property=\"og:type\" content=\"article\" \/>\n<meta property=\"og:title\" content=\"R - Emel - Orhan Karado\u011fan Koleksiyonu\" \/>\n<meta property=\"og:description\" content=\"Rafet Ekiz Ramazan \u00d6zdemir Ramiz Ayd\u0131n Resul Aytemur R\u0131fat Ko\u00e7ak Roberto Camacho Frandi Ruiz Rodrigez R\u00fcmeysa Palazo\u011flu Ru\u015fen E\u015fref Y\u0131lmaz R\u00fcstem Avc\u0131l\" \/>\n<meta property=\"og:url\" content=\"https:\/\/art.if.com.tr\/?page_id=23730\" \/>\n<meta property=\"og:site_name\" content=\"Emel - Orhan Karado\u011fan Koleksiyonu\" \/>\n<meta property=\"article:modified_time\" content=\"2026-02-06T14:42:30+00:00\" \/>\n<meta name=\"twitter:card\" content=\"summary_large_image\" \/>\n<meta name=\"twitter:label1\" content=\"Tahmini okuma s\u00fcresi\" \/>\n\t<meta name=\"twitter:data1\" content=\"1 dakika\" \/>\n<script type=\"application\/ld+json\" class=\"yoast-schema-graph\">{\"@context\":\"https:\\\/\\\/schema.org\",\"@graph\":[{\"@type\":\"WebPage\",\"@id\":\"https:\\\/\\\/art.if.com.tr\\\/?page_id=23730\",\"url\":\"https:\\\/\\\/art.if.com.tr\\\/?page_id=23730\",\"name\":\"R - Emel - Orhan Karado\u011fan Koleksiyonu\",\"isPartOf\":{\"@id\":\"https:\\\/\\\/art.if.com.tr\\\/#website\"},\"datePublished\":\"2022-08-13T20:11:56+00:00\",\"dateModified\":\"2026-02-06T14:42:30+00:00\",\"breadcrumb\":{\"@id\":\"https:\\\/\\\/art.if.com.tr\\\/?page_id=23730#breadcrumb\"},\"inLanguage\":\"tr\",\"potentialAction\":[{\"@type\":\"ReadAction\",\"target\":[\"https:\\\/\\\/art.if.com.tr\\\/?page_id=23730\"]}]},{\"@type\":\"BreadcrumbList\",\"@id\":\"https:\\\/\\\/art.if.com.tr\\\/?page_id=23730#breadcrumb\",\"itemListElement\":[{\"@type\":\"ListItem\",\"position\":1,\"name\":\"Anasayfa\",\"item\":\"https:\\\/\\\/art.if.com.tr\\\/\"},{\"@type\":\"ListItem\",\"position\":2,\"name\":\"Eserler\",\"item\":\"https:\\\/\\\/art.if.com.tr\\\/?page_id=23674\"},{\"@type\":\"ListItem\",\"position\":3,\"name\":\"R\"}]},{\"@type\":\"WebSite\",\"@id\":\"https:\\\/\\\/art.if.com.tr\\\/#website\",\"url\":\"https:\\\/\\\/art.if.com.tr\\\/\",\"name\":\"Emel - Orhan Karado\u011fan Koleksiyonu\",\"description\":\"\",\"publisher\":{\"@id\":\"https:\\\/\\\/art.if.com.tr\\\/#organization\"},\"potentialAction\":[{\"@type\":\"SearchAction\",\"target\":{\"@type\":\"EntryPoint\",\"urlTemplate\":\"https:\\\/\\\/art.if.com.tr\\\/?s={search_term_string}\"},\"query-input\":{\"@type\":\"PropertyValueSpecification\",\"valueRequired\":true,\"valueName\":\"search_term_string\"}}],\"inLanguage\":\"tr\"},{\"@type\":\"Organization\",\"@id\":\"https:\\\/\\\/art.if.com.tr\\\/#organization\",\"name\":\"Emel - Orhan Karado\u011fan Koleksiyonu\",\"url\":\"https:\\\/\\\/art.if.com.tr\\\/\",\"logo\":{\"@type\":\"ImageObject\",\"inLanguage\":\"tr\",\"@id\":\"https:\\\/\\\/art.if.com.tr\\\/#\\\/schema\\\/logo\\\/image\\\/\",\"url\":\"https:\\\/\\\/art.if.com.tr\\\/wp-content\\\/uploads\\\/2022\\\/07\\\/150x150-iF-Art-logo-e1658997012336.png\",\"contentUrl\":\"https:\\\/\\\/art.if.com.tr\\\/wp-content\\\/uploads\\\/2022\\\/07\\\/150x150-iF-Art-logo-e1658997012336.png\",\"width\":150,\"height\":118,\"caption\":\"Emel - Orhan Karado\u011fan Koleksiyonu\"},\"image\":{\"@id\":\"https:\\\/\\\/art.if.com.tr\\\/#\\\/schema\\\/logo\\\/image\\\/\"}}]}<\/script>\n<!-- \/ Yoast SEO plugin. -->","yoast_head_json":{"title":"R - Emel - Orhan Karado\u011fan Koleksiyonu","robots":{"index":"index","follow":"follow","max-snippet":"max-snippet:-1","max-image-preview":"max-image-preview:large","max-video-preview":"max-video-preview:-1"},"canonical":"https:\/\/art.if.com.tr\/?page_id=23730","og_locale":"tr_TR","og_type":"article","og_title":"R - Emel - Orhan Karado\u011fan Koleksiyonu","og_description":"Rafet Ekiz Ramazan \u00d6zdemir Ramiz Ayd\u0131n Resul Aytemur R\u0131fat Ko\u00e7ak Roberto Camacho Frandi Ruiz Rodrigez R\u00fcmeysa Palazo\u011flu Ru\u015fen E\u015fref Y\u0131lmaz R\u00fcstem Avc\u0131l","og_url":"https:\/\/art.if.com.tr\/?page_id=23730","og_site_name":"Emel - Orhan Karado\u011fan Koleksiyonu","article_modified_time":"2026-02-06T14:42:30+00:00","twitter_card":"summary_large_image","twitter_misc":{"Tahmini okuma s\u00fcresi":"1 dakika"},"schema":{"@context":"https:\/\/schema.org","@graph":[{"@type":"WebPage","@id":"https:\/\/art.if.com.tr\/?page_id=23730","url":"https:\/\/art.if.com.tr\/?page_id=23730","name":"R - Emel - Orhan Karado\u011fan Koleksiyonu","isPartOf":{"@id":"https:\/\/art.if.com.tr\/#website"},"datePublished":"2022-08-13T20:11:56+00:00","dateModified":"2026-02-06T14:42:30+00:00","breadcrumb":{"@id":"https:\/\/art.if.com.tr\/?page_id=23730#breadcrumb"},"inLanguage":"tr","potentialAction":[{"@type":"ReadAction","target":["https:\/\/art.if.com.tr\/?page_id=23730"]}]},{"@type":"BreadcrumbList","@id":"https:\/\/art.if.com.tr\/?page_id=23730#breadcrumb","itemListElement":[{"@type":"ListItem","position":1,"name":"Anasayfa","item":"https:\/\/art.if.com.tr\/"},{"@type":"ListItem","position":2,"name":"Eserler","item":"https:\/\/art.if.com.tr\/?page_id=23674"},{"@type":"ListItem","position":3,"name":"R"}]},{"@type":"WebSite","@id":"https:\/\/art.if.com.tr\/#website","url":"https:\/\/art.if.com.tr\/","name":"Emel - Orhan Karado\u011fan Koleksiyonu","description":"","publisher":{"@id":"https:\/\/art.if.com.tr\/#organization"},"potentialAction":[{"@type":"SearchAction","target":{"@type":"EntryPoint","urlTemplate":"https:\/\/art.if.com.tr\/?s={search_term_string}"},"query-input":{"@type":"PropertyValueSpecification","valueRequired":true,"valueName":"search_term_string"}}],"inLanguage":"tr"},{"@type":"Organization","@id":"https:\/\/art.if.com.tr\/#organization","name":"Emel - Orhan Karado\u011fan Koleksiyonu","url":"https:\/\/art.if.com.tr\/","logo":{"@type":"ImageObject","inLanguage":"tr","@id":"https:\/\/art.if.com.tr\/#\/schema\/logo\/image\/","url":"https:\/\/art.if.com.tr\/wp-content\/uploads\/2022\/07\/150x150-iF-Art-logo-e1658997012336.png","contentUrl":"https:\/\/art.if.com.tr\/wp-content\/uploads\/2022\/07\/150x150-iF-Art-logo-e1658997012336.png","width":150,"height":118,"caption":"Emel - Orhan Karado\u011fan Koleksiyonu"},"image":{"@id":"https:\/\/art.if.com.tr\/#\/schema\/logo\/image\/"}}]}},"_links":{"self":[{"href":"https:\/\/art.if.com.tr\/index.php?rest_route=\/wp\/v2\/pages\/23730","targetHints":{"allow":["GET"]}}],"collection":[{"href":"https:\/\/art.if.com.tr\/index.php?rest_route=\/wp\/v2\/pages"}],"about":[{"href":"https:\/\/art.if.com.tr\/index.php?rest_route=\/wp\/v2\/types\/page"}],"author":[{"embeddable":true,"href":"https:\/\/art.if.com.tr\/index.php?rest_route=\/wp\/v2\/users\/1"}],"replies":[{"embeddable":true,"href":"https:\/\/art.if.com.tr\/index.php?rest_route=%2Fwp%2Fv2%2Fcomments&post=23730"}],"version-history":[{"count":4,"href":"https:\/\/art.if.com.tr\/index.php?rest_route=\/wp\/v2\/pages\/23730\/revisions"}],"predecessor-version":[{"id":26415,"href":"https:\/\/art.if.com.tr\/index.php?rest_route=\/wp\/v2\/pages\/23730\/revisions\/26415"}],"up":[{"embeddable":true,"href":"https:\/\/art.if.com.tr\/index.php?rest_route=\/wp\/v2\/pages\/23674"}],"wp:attachment":[{"href":"https:\/\/art.if.com.tr\/index.php?rest_route=%2Fwp%2Fv2%2Fmedia&parent=23730"}],"curies":[{"name":"wp","href":"https:\/\/api.w.org\/{rel}","templated":true}]}}

<div id="pl-gb23730-69f74f6bec958"  class="panel-layout wp-block-siteorigin-panels-layout-block" ><div id="pg-gb23730-69f74f6bec958-0"  class="panel-grid panel-no-style" ><div id="pgc-gb23730-69f74f6bec958-0-0"  class="panel-grid-cell panel-grid-cell-empty" ></div><div id="pgc-gb23730-69f74f6bec958-0-1"  class="panel-grid-cell" ><div id="panel-gb23730-69f74f6bec958-0-1-0" class="so-panel widget widget_sow-editor panel-first-child panel-last-child" data-index="0" ><div
			
			class="so-widget-sow-editor so-widget-sow-editor-base"
			
		>
<div class="siteorigin-widget-tinymce textwidget">
	<ul class="children">
<li id="category-622"><a href="https://art.if.com.tr/?cat=622">Rafet Ekiz</a></li>
<li id="category-374"><a href="https://art.if.com.tr/?cat=374">Ramazan Özdemir</a></li>
<li id="category-621"><a href="https://art.if.com.tr/?cat=621">Ramiz Aydın</a></li>
<li><a href="https://art.if.com.tr/?cat=623">Resul Aytemur</a></li>
<li id="category-624"><a href="https://art.if.com.tr/?cat=624">Rıfat Koçak</a></li>
<li id="category-433"><a href="https://art.if.com.tr/?cat=433">Roberto Camacho Frandi</a></li>
<li id="category-456"><a href="https://art.if.com.tr/?cat=456">Ruiz Rodrigez</a></li>
<li id="category-391"><a href="https://art.if.com.tr/?cat=391">Rümeysa Palazoğlu</a></li>
<li><a href="https://art.if.com.tr/?cat=873">Ruşen Eşref Yılmaz</a></li>
<li id="category-625"><a href="https://art.if.com.tr/?cat=625">Rüstem Avcıl</a></li>
</ul>
</div>
</div></div></div></div></div>

<p>Rafet Ekiz Ramazan Özdemir Ramiz Aydın Resul Aytemur Rıfat Koçak Roberto Camacho Frandi Ruiz Rodrigez Rümeysa Palazoğlu Ruşen Eşref Yılmaz Rüstem Avcıl</p>

<!-- This site is optimized with the Yoast SEO plugin v27.5 - https://yoast.com/product/yoast-seo-wordpress/ -->
<title>R - Emel - Orhan Karadoğan Koleksiyonu</title>
<meta name="robots" content="index, follow, max-snippet:-1, max-image-preview:large, max-video-preview:-1" />
<link rel="canonical" href="https://art.if.com.tr/?page_id=23730" />
<meta property="og:locale" content="tr_TR" />
<meta property="og:type" content="article" />
<meta property="og:title" content="R - Emel - Orhan Karadoğan Koleksiyonu" />
<meta property="og:description" content="Rafet Ekiz Ramazan Özdemir Ramiz Aydın Resul Aytemur Rıfat Koçak Roberto Camacho Frandi Ruiz Rodrigez Rümeysa Palazoğlu Ruşen Eşref Yılmaz Rüstem Avcıl" />
<meta property="og:url" content="https://art.if.com.tr/?page_id=23730" />
<meta property="og:site_name" content="Emel - Orhan Karadoğan Koleksiyonu" />
<meta property="article:modified_time" content="2026-02-06T14:42:30+00:00" />
<meta name="twitter:card" content="summary_large_image" />
<meta name="twitter:label1" content="Tahmini okuma süresi" />
	<meta name="twitter:data1" content="1 dakika" />
<script type="application/ld+json" class="yoast-schema-graph">{"@context":"https:\/\/schema.org","@graph":[{"@type":"WebPage","@id":"https:\/\/art.if.com.tr\/?page_id=23730","url":"https:\/\/art.if.com.tr\/?page_id=23730","name":"R - Emel - Orhan Karadoğan Koleksiyonu","isPartOf":{"@id":"https:\/\/art.if.com.tr\/#website"},"datePublished":"2022-08-13T20:11:56+00:00","dateModified":"2026-02-06T14:42:30+00:00","breadcrumb":{"@id":"https:\/\/art.if.com.tr\/?page_id=23730#breadcrumb"},"inLanguage":"tr","potentialAction":[{"@type":"ReadAction","target":["https:\/\/art.if.com.tr\/?page_id=23730"]}]},{"@type":"BreadcrumbList","@id":"https:\/\/art.if.com.tr\/?page_id=23730#breadcrumb","itemListElement":[{"@type":"ListItem","position":1,"name":"Anasayfa","item":"https:\/\/art.if.com.tr\/"},{"@type":"ListItem","position":2,"name":"Eserler","item":"https:\/\/art.if.com.tr\/?page_id=23674"},{"@type":"ListItem","position":3,"name":"R"}]},{"@type":"WebSite","@id":"https:\/\/art.if.com.tr\/#website","url":"https:\/\/art.if.com.tr\/","name":"Emel - Orhan Karadoğan Koleksiyonu","description":"","publisher":{"@id":"https:\/\/art.if.com.tr\/#organization"},"potentialAction":[{"@type":"SearchAction","target":{"@type":"EntryPoint","urlTemplate":"https:\/\/art.if.com.tr\/?s={search_term_string}"},"query-input":{"@type":"PropertyValueSpecification","valueRequired":true,"valueName":"search_term_string"}}],"inLanguage":"tr"},{"@type":"Organization","@id":"https:\/\/art.if.com.tr\/#organization","name":"Emel - Orhan Karadoğan Koleksiyonu","url":"https:\/\/art.if.com.tr\/","logo":{"@type":"ImageObject","inLanguage":"tr","@id":"https:\/\/art.if.com.tr\/#\/schema\/logo\/image\/","url":"https:\/\/art.if.com.tr\/wp-content\/uploads\/2022\/07\/150x150-iF-Art-logo-e1658997012336.png","contentUrl":"https:\/\/art.if.com.tr\/wp-content\/uploads\/2022\/07\/150x150-iF-Art-logo-e1658997012336.png","width":150,"height":118,"caption":"Emel - Orhan Karadoğan Koleksiyonu"},"image":{"@id":"https:\/\/art.if.com.tr\/#\/schema\/logo\/image\/"}}]}</script>
<!-- / Yoast SEO plugin. -->

R - Emel - Orhan Karadoğan Koleksiyonu

Rafet Ekiz Ramazan Özdemir Ramiz Aydın Resul Aytemur Rıfat Koçak Roberto Camacho Frandi Ruiz Rodrigez Rümeysa Palazoğlu Ruşen Eşref Yılmaz Rüstem Avcıl

Emel - Orhan Karadoğan Koleksiyonu
