{"id":23718,"date":"2022-08-13T21:35:52","date_gmt":"2022-08-13T18:35:52","guid":{"rendered":"https:\/\/art.if.com.tr\/?page_id=23718"},"modified":"2026-02-10T10:56:08","modified_gmt":"2026-02-10T07:56:08","slug":"m","status":"publish","type":"page","link":"https:\/\/art.if.com.tr\/?page_id=23718","title":{"rendered":"M"},"content":{"rendered":"<div id=\"pl-gb23718-69f74f6a68535\"  class=\"panel-layout wp-block-siteorigin-panels-layout-block\" ><div id=\"pg-gb23718-69f74f6a68535-0\"  class=\"panel-grid panel-no-style\" ><div id=\"pgc-gb23718-69f74f6a68535-0-0\"  class=\"panel-grid-cell panel-grid-cell-empty\" ><\/div><div id=\"pgc-gb23718-69f74f6a68535-0-1\"  class=\"panel-grid-cell\" ><div id=\"panel-gb23718-69f74f6a68535-0-1-0\" class=\"so-panel widget widget_sow-editor panel-first-child panel-last-child\" data-index=\"0\" ><div\n\t\t\t\n\t\t\tclass=\"so-widget-sow-editor so-widget-sow-editor-base\"\n\t\t\t\n\t\t>\n<div class=\"siteorigin-widget-tinymce textwidget\">\n\t<ul class=\"children\">\n<li id=\"category-346\"><a href=\"https:\/\/art.if.com.tr\/?cat=346\">M.Mozorri<\/a><\/li>\n<li id=\"category-576\"><a href=\"https:\/\/art.if.com.tr\/?cat=576\">Mahir G\u00fcven<\/a><\/li>\n<li id=\"category-90\"><a href=\"https:\/\/art.if.com.tr\/?cat=90\">Mahmut Cande\u011fer Ayd\u0131n<\/a><\/li>\n<li id=\"category-575\"><a href=\"https:\/\/art.if.com.tr\/?cat=575\">Mahmut \u00c7\u0131nar<\/a><\/li>\n<li id=\"category-584\"><a href=\"https:\/\/art.if.com.tr\/?cat=584\">Mahmut Kocamemi<\/a><\/li>\n<li id=\"category-298\"><a href=\"https:\/\/art.if.com.tr\/?cat=298\">Mahnaz Aslaniyan<\/a><\/li>\n<li id=\"category-261\"><a href=\"https:\/\/art.if.com.tr\/?cat=261\">Mahpeyker Y\u00f6nsel<\/a><\/li>\n<li id=\"category-299\"><a href=\"https:\/\/art.if.com.tr\/?cat=299\">Mahshid Salehi<\/a><\/li>\n<li id=\"category-329\"><a href=\"https:\/\/art.if.com.tr\/?cat=299\">Maide Bulak<\/a><\/li>\n<li id=\"category-574\"><a href=\"https:\/\/art.if.com.tr\/?cat=574\">Malina Adelina<\/a><\/li>\n<li id=\"category-661\"><a href=\"https:\/\/art.if.com.tr\/?cat=661\">Mani A\u015fgari<\/a><\/li>\n<li id=\"category-310\"><a href=\"https:\/\/art.if.com.tr\/?cat=310\">Mazlum Cabir Uluyol<\/a><\/li>\n<li id=\"category-370\"><a href=\"https:\/\/art.if.com.tr\/?cat=370\">Mehmet Akkaya<\/a><\/li>\n<li id=\"category-577\"><a href=\"https:\/\/art.if.com.tr\/?cat=577\">Mehmet Bat\u0131<\/a><\/li>\n<li id=\"category-579\"><a href=\"https:\/\/art.if.com.tr\/?cat=579\">Mehmet G\u00fclery\u00fcz<\/a><\/li>\n<li id=\"category-371\"><a href=\"https:\/\/art.if.com.tr\/?cat=371\">Mehmet Hac\u0131 Fettaho\u011flu<\/a><\/li>\n<li id=\"category-275\"><a href=\"https:\/\/art.if.com.tr\/?cat=275\">Mehmet \u0130dris E\u015fk\u0131l<\/a><\/li>\n<li id=\"category-580\"><a href=\"https:\/\/art.if.com.tr\/?cat=580\">Mehmet Pesen<\/a><\/li>\n<li id=\"category-582\"><a href=\"https:\/\/art.if.com.tr\/?cat=582\">Mehmet Sa\u011fba\u015f<\/a><\/li>\n<li id=\"category-288\"><a href=\"https:\/\/art.if.com.tr\/?cat=288\">Mehmet Sait Obay<\/a><\/li>\n<li id=\"category-289\"><a href=\"https:\/\/art.if.com.tr\/?cat=289\">Mehmet Tevfik Utku<\/a><\/li>\n<li id=\"category-229\"><a href=\"https:\/\/art.if.com.tr\/?cat=229\">Mehmet Y\u00fccel<\/a><\/li>\n<li id=\"category-238\"><a href=\"https:\/\/art.if.com.tr\/?cat=238\">Melahat Ko\u00e7o<\/a><\/li>\n<li id=\"category-412\"><a href=\"https:\/\/art.if.com.tr\/?cat=412\">Melihat T\u00fcz\u00fcn<\/a><\/li>\n<li id=\"category-183\"><a href=\"https:\/\/art.if.com.tr\/?cat=183\">Meltem Babao\u011flu<\/a><\/li>\n<li id=\"category-268\"><a href=\"https:\/\/art.if.com.tr\/?cat=268\">Meltem S\u0131rt\u0131kara<\/a><\/li>\n<li id=\"category-209\"><a href=\"https:\/\/art.if.com.tr\/?cat=209\">Memduh Kuzay<\/a><\/li>\n<li id=\"category-581\"><a href=\"https:\/\/art.if.com.tr\/?cat=581\">Meral Seyhanl\u0131 G\u00fcvent\u00fcrk<\/a><\/li>\n<li id=\"category-205\"><a href=\"https:\/\/art.if.com.tr\/?cat=205\">Merve G\u00f6zde Bing\u00fcl<\/a><\/li>\n<li id=\"category-585\"><a href=\"https:\/\/art.if.com.tr\/?cat=585\">Merve Kalelio\u011flu<\/a><\/li>\n<li><a href=\"https:\/\/art.if.com.tr\/?cat=872\">Mete Yurda\u00fcn<\/a><\/li>\n<li id=\"category-578\"><a href=\"https:\/\/art.if.com.tr\/?cat=578\">Metin Ekinci<\/a><\/li>\n<li id=\"category-300\"><a href=\"https:\/\/art.if.com.tr\/?cat=300\">Metin \u00d6zg\u00fcr<\/a><\/li>\n<li id=\"category-91\"><a href=\"https:\/\/art.if.com.tr\/?cat=91\">Michael<\/a><\/li>\n<li id=\"category-583\"><a href=\"https:\/\/art.if.com.tr\/?cat=583\">Mine Arasan<\/a><\/li>\n<li><a href=\"https:\/\/art.if.com.tr\/?cat=822\">Miray Turap<\/a><\/li>\n<li id=\"category-593\"><a href=\"https:\/\/art.if.com.tr\/?cat=593\">Mualla \u015eahin<\/a><\/li>\n<li id=\"category-158\"><a href=\"https:\/\/art.if.com.tr\/?cat=158\">Muammer K\u0131rm\u0131z\u0131g\u00fcl<\/a><\/li>\n<li id=\"category-590\"><a href=\"https:\/\/art.if.com.tr\/?cat=590\">Muammer Kotba\u00e7<\/a><\/li>\n<li id=\"category-591\"><a href=\"https:\/\/art.if.com.tr\/?cat=591\">Mubin Orhon<\/a><\/li>\n<li id=\"category-272\"><a href=\"https:\/\/art.if.com.tr\/?cat=272\">Muhammed Yal\u00e7\u0131n<\/a><\/li>\n<li id=\"category-413\"><a href=\"https:\/\/art.if.com.tr\/?cat=413\">M\u00fcjde Ayan<\/a><\/li>\n<li id=\"category-267\"><a href=\"https:\/\/art.if.com.tr\/?cat=267\">Muktar Alansari<\/a><\/li>\n<li id=\"category-201\"><a href=\"https:\/\/art.if.com.tr\/?cat=201\">M\u00fcmin Canda\u015f<\/a><\/li>\n<li id=\"category-332\"><a href=\"https:\/\/art.if.com.tr\/?cat=332\">M\u00fcnevver K\u0131sac\u0131k<\/a><\/li>\n<li id=\"category-156\"><a href=\"https:\/\/art.if.com.tr\/?cat=156\">Murat O\u011fuz<\/a><\/li>\n<li id=\"category-589\"><a href=\"https:\/\/art.if.com.tr\/?cat=589\">M\u00fcr\u015fide \u0130\u00e7meli<\/a><\/li>\n<li id=\"category-213\"><a href=\"https:\/\/art.if.com.tr\/?cat=213\">M\u00fcr\u00fcvvet Durak<\/a><\/li>\n<li id=\"category-587\"><a href=\"https:\/\/art.if.com.tr\/?cat=587\">Mustafa Asl\u0131er<\/a><\/li>\n<li id=\"category-588\"><a href=\"https:\/\/art.if.com.tr\/?cat=588\">Mustafa Ayaz<\/a><\/li>\n<li id=\"category-188\"><a href=\"https:\/\/art.if.com.tr\/?cat=188\">Mustafa Delio\u011flu<\/a><\/li>\n<li id=\"category-215\"><a href=\"https:\/\/art.if.com.tr\/?cat=215\">Mustafa Horasan<\/a><\/li>\n<li id=\"category-592\"><a href=\"https:\/\/art.if.com.tr\/?cat=592\">Mustafa Plevneli<\/a><\/li>\n<li id=\"category-586\"><a href=\"https:\/\/art.if.com.tr\/?cat=586\">Mustafa Salim Aktu\u011f<\/a><\/li>\n<li id=\"category-594\"><a href=\"https:\/\/art.if.com.tr\/?cat=594\">Mustafa Turgut<\/a><\/li>\n<\/ul>\n<\/div>\n<\/div><\/div><\/div><\/div><\/div>","protected":false},"excerpt":{"rendered":"<p>M.Mozorri Mahir G\u00fcven Mahmut Cande\u011fer Ayd\u0131n Mahmut \u00c7\u0131nar Mahmut Kocamemi Mahnaz Aslaniyan Mahpeyker Y\u00f6nsel Mahshid Salehi Maide Bulak Malina Adelina Mani A\u015fgari Mazlum Cabir Uluyol Mehmet Akkaya Mehmet Bat\u0131 Mehmet G\u00fclery\u00fcz Mehmet Hac\u0131 Fettaho\u011flu Mehmet \u0130dris E\u015fk\u0131l Mehmet Pesen Mehmet Sa\u011fba\u015f Mehmet Sait Obay Mehmet Tevfik Utku Mehmet Y\u00fccel Melahat Ko\u00e7o Melihat T\u00fcz\u00fcn Meltem Babao\u011flu &hellip; <\/p>\n","protected":false},"author":1,"featured_media":0,"parent":23674,"menu_order":1,"comment_status":"closed","ping_status":"closed","template":"","meta":{"footnotes":""},"class_list":["post-23718","page","type-page","status-publish","hentry"],"yoast_head":"<!-- This site is optimized with the Yoast SEO plugin v27.5 - https:\/\/yoast.com\/product\/yoast-seo-wordpress\/ -->\n<title>M - Emel - Orhan Karado\u011fan Koleksiyonu<\/title>\n<meta name=\"robots\" content=\"index, follow, max-snippet:-1, max-image-preview:large, max-video-preview:-1\" \/>\n<link rel=\"canonical\" href=\"https:\/\/art.if.com.tr\/?page_id=23718\" \/>\n<meta property=\"og:locale\" content=\"tr_TR\" \/>\n<meta property=\"og:type\" content=\"article\" \/>\n<meta property=\"og:title\" content=\"M - Emel - Orhan Karado\u011fan Koleksiyonu\" \/>\n<meta property=\"og:description\" content=\"M.Mozorri Mahir G\u00fcven Mahmut Cande\u011fer Ayd\u0131n Mahmut \u00c7\u0131nar Mahmut Kocamemi Mahnaz Aslaniyan Mahpeyker Y\u00f6nsel Mahshid Salehi Maide Bulak Malina Adelina Mani A\u015fgari Mazlum Cabir Uluyol Mehmet Akkaya Mehmet Bat\u0131 Mehmet G\u00fclery\u00fcz Mehmet Hac\u0131 Fettaho\u011flu Mehmet \u0130dris E\u015fk\u0131l Mehmet Pesen Mehmet Sa\u011fba\u015f Mehmet Sait Obay Mehmet Tevfik Utku Mehmet Y\u00fccel Melahat Ko\u00e7o Melihat T\u00fcz\u00fcn Meltem Babao\u011flu &hellip;\" \/>\n<meta property=\"og:url\" content=\"https:\/\/art.if.com.tr\/?page_id=23718\" \/>\n<meta property=\"og:site_name\" content=\"Emel - Orhan Karado\u011fan Koleksiyonu\" \/>\n<meta property=\"article:modified_time\" content=\"2026-02-10T07:56:08+00:00\" \/>\n<meta name=\"twitter:card\" content=\"summary_large_image\" \/>\n<meta name=\"twitter:label1\" content=\"Tahmini okuma s\u00fcresi\" \/>\n\t<meta name=\"twitter:data1\" content=\"1 dakika\" \/>\n<script type=\"application\/ld+json\" class=\"yoast-schema-graph\">{\"@context\":\"https:\\\/\\\/schema.org\",\"@graph\":[{\"@type\":\"WebPage\",\"@id\":\"https:\\\/\\\/art.if.com.tr\\\/?page_id=23718\",\"url\":\"https:\\\/\\\/art.if.com.tr\\\/?page_id=23718\",\"name\":\"M - Emel - Orhan Karado\u011fan Koleksiyonu\",\"isPartOf\":{\"@id\":\"https:\\\/\\\/art.if.com.tr\\\/#website\"},\"datePublished\":\"2022-08-13T18:35:52+00:00\",\"dateModified\":\"2026-02-10T07:56:08+00:00\",\"breadcrumb\":{\"@id\":\"https:\\\/\\\/art.if.com.tr\\\/?page_id=23718#breadcrumb\"},\"inLanguage\":\"tr\",\"potentialAction\":[{\"@type\":\"ReadAction\",\"target\":[\"https:\\\/\\\/art.if.com.tr\\\/?page_id=23718\"]}]},{\"@type\":\"BreadcrumbList\",\"@id\":\"https:\\\/\\\/art.if.com.tr\\\/?page_id=23718#breadcrumb\",\"itemListElement\":[{\"@type\":\"ListItem\",\"position\":1,\"name\":\"Anasayfa\",\"item\":\"https:\\\/\\\/art.if.com.tr\\\/\"},{\"@type\":\"ListItem\",\"position\":2,\"name\":\"Eserler\",\"item\":\"https:\\\/\\\/art.if.com.tr\\\/?page_id=23674\"},{\"@type\":\"ListItem\",\"position\":3,\"name\":\"M\"}]},{\"@type\":\"WebSite\",\"@id\":\"https:\\\/\\\/art.if.com.tr\\\/#website\",\"url\":\"https:\\\/\\\/art.if.com.tr\\\/\",\"name\":\"Emel - Orhan Karado\u011fan Koleksiyonu\",\"description\":\"\",\"publisher\":{\"@id\":\"https:\\\/\\\/art.if.com.tr\\\/#organization\"},\"potentialAction\":[{\"@type\":\"SearchAction\",\"target\":{\"@type\":\"EntryPoint\",\"urlTemplate\":\"https:\\\/\\\/art.if.com.tr\\\/?s={search_term_string}\"},\"query-input\":{\"@type\":\"PropertyValueSpecification\",\"valueRequired\":true,\"valueName\":\"search_term_string\"}}],\"inLanguage\":\"tr\"},{\"@type\":\"Organization\",\"@id\":\"https:\\\/\\\/art.if.com.tr\\\/#organization\",\"name\":\"Emel - Orhan Karado\u011fan Koleksiyonu\",\"url\":\"https:\\\/\\\/art.if.com.tr\\\/\",\"logo\":{\"@type\":\"ImageObject\",\"inLanguage\":\"tr\",\"@id\":\"https:\\\/\\\/art.if.com.tr\\\/#\\\/schema\\\/logo\\\/image\\\/\",\"url\":\"https:\\\/\\\/art.if.com.tr\\\/wp-content\\\/uploads\\\/2022\\\/07\\\/150x150-iF-Art-logo-e1658997012336.png\",\"contentUrl\":\"https:\\\/\\\/art.if.com.tr\\\/wp-content\\\/uploads\\\/2022\\\/07\\\/150x150-iF-Art-logo-e1658997012336.png\",\"width\":150,\"height\":118,\"caption\":\"Emel - Orhan Karado\u011fan Koleksiyonu\"},\"image\":{\"@id\":\"https:\\\/\\\/art.if.com.tr\\\/#\\\/schema\\\/logo\\\/image\\\/\"}}]}<\/script>\n<!-- \/ Yoast SEO plugin. -->","yoast_head_json":{"title":"M - Emel - Orhan Karado\u011fan Koleksiyonu","robots":{"index":"index","follow":"follow","max-snippet":"max-snippet:-1","max-image-preview":"max-image-preview:large","max-video-preview":"max-video-preview:-1"},"canonical":"https:\/\/art.if.com.tr\/?page_id=23718","og_locale":"tr_TR","og_type":"article","og_title":"M - Emel - Orhan Karado\u011fan Koleksiyonu","og_description":"M.Mozorri Mahir G\u00fcven Mahmut Cande\u011fer Ayd\u0131n Mahmut \u00c7\u0131nar Mahmut Kocamemi Mahnaz Aslaniyan Mahpeyker Y\u00f6nsel Mahshid Salehi Maide Bulak Malina Adelina Mani A\u015fgari Mazlum Cabir Uluyol Mehmet Akkaya Mehmet Bat\u0131 Mehmet G\u00fclery\u00fcz Mehmet Hac\u0131 Fettaho\u011flu Mehmet \u0130dris E\u015fk\u0131l Mehmet Pesen Mehmet Sa\u011fba\u015f Mehmet Sait Obay Mehmet Tevfik Utku Mehmet Y\u00fccel Melahat Ko\u00e7o Melihat T\u00fcz\u00fcn Meltem Babao\u011flu &hellip;","og_url":"https:\/\/art.if.com.tr\/?page_id=23718","og_site_name":"Emel - Orhan Karado\u011fan Koleksiyonu","article_modified_time":"2026-02-10T07:56:08+00:00","twitter_card":"summary_large_image","twitter_misc":{"Tahmini okuma s\u00fcresi":"1 dakika"},"schema":{"@context":"https:\/\/schema.org","@graph":[{"@type":"WebPage","@id":"https:\/\/art.if.com.tr\/?page_id=23718","url":"https:\/\/art.if.com.tr\/?page_id=23718","name":"M - Emel - Orhan Karado\u011fan Koleksiyonu","isPartOf":{"@id":"https:\/\/art.if.com.tr\/#website"},"datePublished":"2022-08-13T18:35:52+00:00","dateModified":"2026-02-10T07:56:08+00:00","breadcrumb":{"@id":"https:\/\/art.if.com.tr\/?page_id=23718#breadcrumb"},"inLanguage":"tr","potentialAction":[{"@type":"ReadAction","target":["https:\/\/art.if.com.tr\/?page_id=23718"]}]},{"@type":"BreadcrumbList","@id":"https:\/\/art.if.com.tr\/?page_id=23718#breadcrumb","itemListElement":[{"@type":"ListItem","position":1,"name":"Anasayfa","item":"https:\/\/art.if.com.tr\/"},{"@type":"ListItem","position":2,"name":"Eserler","item":"https:\/\/art.if.com.tr\/?page_id=23674"},{"@type":"ListItem","position":3,"name":"M"}]},{"@type":"WebSite","@id":"https:\/\/art.if.com.tr\/#website","url":"https:\/\/art.if.com.tr\/","name":"Emel - Orhan Karado\u011fan Koleksiyonu","description":"","publisher":{"@id":"https:\/\/art.if.com.tr\/#organization"},"potentialAction":[{"@type":"SearchAction","target":{"@type":"EntryPoint","urlTemplate":"https:\/\/art.if.com.tr\/?s={search_term_string}"},"query-input":{"@type":"PropertyValueSpecification","valueRequired":true,"valueName":"search_term_string"}}],"inLanguage":"tr"},{"@type":"Organization","@id":"https:\/\/art.if.com.tr\/#organization","name":"Emel - Orhan Karado\u011fan Koleksiyonu","url":"https:\/\/art.if.com.tr\/","logo":{"@type":"ImageObject","inLanguage":"tr","@id":"https:\/\/art.if.com.tr\/#\/schema\/logo\/image\/","url":"https:\/\/art.if.com.tr\/wp-content\/uploads\/2022\/07\/150x150-iF-Art-logo-e1658997012336.png","contentUrl":"https:\/\/art.if.com.tr\/wp-content\/uploads\/2022\/07\/150x150-iF-Art-logo-e1658997012336.png","width":150,"height":118,"caption":"Emel - Orhan Karado\u011fan Koleksiyonu"},"image":{"@id":"https:\/\/art.if.com.tr\/#\/schema\/logo\/image\/"}}]}},"_links":{"self":[{"href":"https:\/\/art.if.com.tr\/index.php?rest_route=\/wp\/v2\/pages\/23718","targetHints":{"allow":["GET"]}}],"collection":[{"href":"https:\/\/art.if.com.tr\/index.php?rest_route=\/wp\/v2\/pages"}],"about":[{"href":"https:\/\/art.if.com.tr\/index.php?rest_route=\/wp\/v2\/types\/page"}],"author":[{"embeddable":true,"href":"https:\/\/art.if.com.tr\/index.php?rest_route=\/wp\/v2\/users\/1"}],"replies":[{"embeddable":true,"href":"https:\/\/art.if.com.tr\/index.php?rest_route=%2Fwp%2Fv2%2Fcomments&post=23718"}],"version-history":[{"count":4,"href":"https:\/\/art.if.com.tr\/index.php?rest_route=\/wp\/v2\/pages\/23718\/revisions"}],"predecessor-version":[{"id":26417,"href":"https:\/\/art.if.com.tr\/index.php?rest_route=\/wp\/v2\/pages\/23718\/revisions\/26417"}],"up":[{"embeddable":true,"href":"https:\/\/art.if.com.tr\/index.php?rest_route=\/wp\/v2\/pages\/23674"}],"wp:attachment":[{"href":"https:\/\/art.if.com.tr\/index.php?rest_route=%2Fwp%2Fv2%2Fmedia&parent=23718"}],"curies":[{"name":"wp","href":"https:\/\/api.w.org\/{rel}","templated":true}]}}